{"id":571,"date":"2023-08-02T08:05:58","date_gmt":"2023-08-02T06:05:58","guid":{"rendered":"https:\/\/www.servicepraxis.com\/plugins\/?page_id=571"},"modified":"2025-06-01T16:07:57","modified_gmt":"2025-06-01T14:07:57","slug":"terminbuchung","status":"publish","type":"page","link":"https:\/\/www.servicepraxis.com\/plugins\/formulare\/terminbuchung\/","title":{"rendered":"Termine Online buchen"},"content":{"rendered":"\n<p>Zu den bekanntesten Tools zur Buchung von Terminen auf Websites geh\u00f6ren die Plattformen  \u00bbyoucanbook.me\u00ab und \u00bbsimplybook.me\u00ab sowie \u00bbcalendly.com\u00ab, die u.&nbsp;a. die Integration mit Kalendern (z.&nbsp;B. Google Kalender) bieten, um Termine nahtlos zu synchronisieren.<\/p>\n\n\n\n<p>Generell empfiehlt sich eine Pr\u00fcfung, ob die Features dieser g\u00e4ngigen Anwendungen ben\u00f6tigt werden oder ob es nicht auch einfacher geht. Statt eine Fremdanwendung einzubinden, kann man oft genug in der eigenen Cooperate Identity ein Buchungstool anbieten.<\/p>\n\n\n\n<h3 class=\"wp-block-heading\">Vorteile von Alternativen zu Termintools aus dem Web<\/h3>\n\n\n\n<ul class=\"wp-block-list\">\n<li>Ber\u00fccksichtigung individueller Anforderungen, insbesondere hinsichtlich des Designs.<\/li>\n\n\n\n<li>Nach Erstellung keine zus\u00e4tzlichen, laufenden Kosten.<\/li>\n\n\n\n<li>Keine Weitergabe von Daten an andere Unternehmen.<\/li>\n\n\n\n<li>Probleme mit Cookies von Drittanbietern lassen sich vermeiden.<\/li>\n\n\n\n<li>Kein zus\u00e4tzlicher Vertrag zur Auftragsdatenverabeitung erforderlich.<\/li>\n\n\n\n<li>Meist m\u00fcssen auch die Hinweise zum Datenschutz nicht weiter erg\u00e4nzt werden.<\/li>\n<\/ul>\n\n\n\n<div class=\"wp-block-group card-container-group d-print-none data-aos_zoom-in data-aos-delay_200 data-aos-duration_400 aos-init aos-animate\"><div class=\"wp-block-group__inner-container\">\n<div class=\"wp-block-group card-container p-0\"><div class=\"wp-block-group__inner-container\">\n<div class=\"wp-block-group card\"><div class=\"wp-block-group__inner-container\">\n<div class=\"wp-block-group card-body\"><div class=\"wp-block-group__inner-container\">\n<h3 class=\"wp-block-heading\">In drei Schritten zum kostenfreien Kennenlerngespr\u00e4ch<\/h3>\n\n\n\n<p style=\"font-size:1.45rem\">Erstgespr\u00e4ch (ca. 30 Minuten) kostenlos und unverbindlich, unkompliziert und verst\u00e4ndlich. Ich freue mich immer \u00fcber eine E-Mail und ein Gespr\u00e4ch mit Ihnen!<\/p>\n\n\n\n<div class=\"wpcf7 no-js\" id=\"wpcf7-f569-o1\" lang=\"de-DE\" dir=\"ltr\" data-wpcf7-id=\"569\">\n<div class=\"screen-reader-response\"><p role=\"status\" aria-live=\"polite\" aria-atomic=\"true\"><\/p> <ul><\/ul><\/div>\n<form action=\"\/plugins\/wp-json\/wp\/v2\/pages\/571#wpcf7-f569-o1\" method=\"post\" class=\"wpcf7-form init\" aria-label=\"Kontaktformular\" novalidate=\"novalidate\" data-status=\"init\">\n<fieldset class=\"hidden-fields-container\"><input type=\"hidden\" name=\"_wpcf7\" value=\"569\" \/><input type=\"hidden\" name=\"_wpcf7_version\" value=\"6.1\" \/><input type=\"hidden\" name=\"_wpcf7_locale\" value=\"de_DE\" \/><input type=\"hidden\" name=\"_wpcf7_unit_tag\" value=\"wpcf7-f569-o1\" \/><input type=\"hidden\" name=\"_wpcf7_container_post\" value=\"0\" \/><input type=\"hidden\" name=\"_wpcf7_posted_data_hash\" value=\"\" \/><input type=\"hidden\" name=\"_wpcf7cf_hidden_group_fields\" value=\"[]\" \/><input type=\"hidden\" name=\"_wpcf7cf_hidden_groups\" value=\"[]\" \/><input type=\"hidden\" name=\"_wpcf7cf_visible_groups\" value=\"[]\" \/><input type=\"hidden\" name=\"_wpcf7cf_repeaters\" value=\"[]\" \/><input type=\"hidden\" name=\"_wpcf7cf_steps\" value=\"{}\" \/><input type=\"hidden\" name=\"_wpcf7cf_options\" value=\"{&quot;form_id&quot;:569,&quot;conditions&quot;:[{&quot;then_field&quot;:&quot;group-1&quot;,&quot;and_rules&quot;:[{&quot;if_field&quot;:&quot;your-date&quot;,&quot;operator&quot;:&quot;not empty&quot;,&quot;if_value&quot;:&quot;&quot;}]},{&quot;then_field&quot;:&quot;group-2&quot;,&quot;and_rules&quot;:[{&quot;if_field&quot;:&quot;your-date&quot;,&quot;operator&quot;:&quot;not empty&quot;,&quot;if_value&quot;:&quot;&quot;},{&quot;if_field&quot;:&quot;your-time&quot;,&quot;operator&quot;:&quot;equals&quot;,&quot;if_value&quot;:&quot;10:00 Uhr&quot;}]},{&quot;then_field&quot;:&quot;group-2&quot;,&quot;and_rules&quot;:[{&quot;if_field&quot;:&quot;your-date&quot;,&quot;operator&quot;:&quot;not empty&quot;,&quot;if_value&quot;:&quot;&quot;},{&quot;if_field&quot;:&quot;your-time&quot;,&quot;operator&quot;:&quot;equals&quot;,&quot;if_value&quot;:&quot;14:00 Uhr&quot;}]},{&quot;then_field&quot;:&quot;group-3&quot;,&quot;and_rules&quot;:[{&quot;if_field&quot;:&quot;your-name&quot;,&quot;operator&quot;:&quot;not empty&quot;,&quot;if_value&quot;:&quot;&quot;},{&quot;if_field&quot;:&quot;your-phone&quot;,&quot;operator&quot;:&quot;not empty&quot;,&quot;if_value&quot;:&quot;&quot;},{&quot;if_field&quot;:&quot;your-email&quot;,&quot;operator&quot;:&quot;not empty&quot;,&quot;if_value&quot;:&quot;&quot;}]}],&quot;settings&quot;:{&quot;animation&quot;:&quot;yes&quot;,&quot;animation_intime&quot;:200,&quot;animation_outtime&quot;:200,&quot;conditions_ui&quot;:&quot;normal&quot;,&quot;notice_dismissed&quot;:false,&quot;notice_dismissed_rollback-cf7-5.8.5&quot;:true,&quot;notice_dismissed_rollback-cf7-5.9.2&quot;:true}}\" \/>\n<\/fieldset>\n<div class=\"datepicker-form\">\n\t<p>Datum (Pflichtfeld)\n\t<\/p>\n\t<p><span class=\"wpcf7-form-control-wrap\" data-name=\"your-date\"><input size=\"40\" maxlength=\"400\" class=\"wpcf7-form-control wpcf7-text wpcf7-validates-as-required cf7-datepicker form-control\" aria-required=\"true\" aria-invalid=\"false\" value=\"\" type=\"text\" name=\"your-date\" \/><\/span>\n\t<\/p>\n\t<div data-id=\"group-1\" data-orig_data_id=\"group-1\"  class=\"\" data-class=\"wpcf7cf_group\">\n\t\t<p>Uhrzeit (Pflichtfeld)\n\t\t<\/p>\n\t\t<p><span class=\"wpcf7-form-control-wrap\" data-name=\"your-time\"><select class=\"wpcf7-form-control wpcf7-select wpcf7-validates-as-required form-control\" aria-required=\"true\" aria-invalid=\"false\" name=\"your-time\"><option value=\"\">Bitte ausw\u00e4hlen<\/option><option value=\"10:00 Uhr\">10:00 Uhr<\/option><option value=\"14:00 Uhr\">14:00 Uhr<\/option><\/select><\/span>\n\t\t<\/p>\n\t<\/div>\n\t<div data-id=\"group-2\" data-orig_data_id=\"group-2\"  class=\"\" data-class=\"wpcf7cf_group\">\n\t\t<div class=\"row\">\n\t\t\t<div class=\"col-12 col-md-4\">\n\t\t\t\t<p>Ihr Name (Pflichtfeld)\n\t\t\t\t<\/p>\n\t\t\t\t<p><span class=\"wpcf7-form-control-wrap\" data-name=\"your-name\"><input size=\"40\" maxlength=\"400\" class=\"wpcf7-form-control wpcf7-text wpcf7-validates-as-required form-control\" aria-required=\"true\" aria-invalid=\"false\" value=\"\" type=\"text\" name=\"your-name\" \/><\/span>\n\t\t\t\t<\/p>\n\t\t\t<\/div>\n\t\t\t<div class=\"col-12 col-md-4\">\n\t\t\t\t<p>Ihre Telefonnummer (Pflichtfeld)\n\t\t\t\t<\/p>\n\t\t\t\t<p><span class=\"wpcf7-form-control-wrap\" data-name=\"your-phone\"><input size=\"40\" maxlength=\"400\" class=\"wpcf7-form-control wpcf7-tel wpcf7-validates-as-required wpcf7-text wpcf7-validates-as-tel form-control\" aria-required=\"true\" aria-invalid=\"false\" value=\"\" type=\"tel\" name=\"your-phone\" \/><\/span>\n\t\t\t\t<\/p>\n\t\t\t<\/div>\n\t\t\t<div class=\"col-12 col-md-4\">\n\t\t\t\t<p>Ihre E-Mail-Adresse (Pflichtfeld)\n\t\t\t\t<\/p>\n\t\t\t\t<p><span class=\"wpcf7-form-control-wrap\" data-name=\"your-email\"><input size=\"40\" maxlength=\"400\" class=\"wpcf7-form-control wpcf7-email wpcf7-validates-as-required wpcf7-text wpcf7-validates-as-email form-control\" aria-required=\"true\" aria-invalid=\"false\" value=\"\" type=\"email\" name=\"your-email\" \/><\/span>\n\t\t\t\t<\/p>\n\t\t\t<\/div>\n\t\t<\/div>\n\t\t<p>Ihr Kommentar (Optional)\n\t\t<\/p>\n\t\t<p><span class=\"wpcf7-form-control-wrap\" data-name=\"your-message\"><textarea cols=\"40\" rows=\"10\" maxlength=\"2000\" class=\"wpcf7-form-control wpcf7-textarea form-control\" aria-invalid=\"false\" name=\"your-message\"><\/textarea><\/span>\n\t\t<\/p>\n\t<\/div>\n\t<div data-id=\"group-3\" data-orig_data_id=\"group-3\"  class=\"\" data-class=\"wpcf7cf_group\">\n\t\t<p><span class=\"wpcf7-form-control-wrap\" data-name=\"acceptance-616\"><span class=\"wpcf7-form-control wpcf7-acceptance\"><span class=\"wpcf7-list-item\"><input type=\"checkbox\" name=\"acceptance-616\" value=\"1\" aria-invalid=\"false\" \/><\/span><\/span><\/span> Unser gemeinsamer Telefontermin wird erst durch eine Best\u00e4tigung per E-Mail verbindlich. Hier finden Sie meine Hinweise zum <a href=\"\/datenschutz\/\" target=\"_blank\" data-rel=\"popup\" role=\"button\"><span style=\"border-bottom: 1px dotted; color: #fff;\">Datenschutz<\/span><\/a> bzw. das <a href=\"\/impressum\/\" target=\"_blank\" data-rel=\"popup\" role=\"button\"><span style=\"border-bottom: 1px dotted; color: #fff;\">Impressum<\/span><\/a>.\n\t\t<\/p>\n\t\t<p><input class=\"wpcf7-form-control wpcf7-submit has-spinner\" type=\"submit\" value=\"Senden\" \/>\n\t\t<\/p>\n\t<\/div>\n<\/div><div class=\"wpcf7-response-output\" aria-hidden=\"true\"><\/div>\n<\/form>\n<\/div>\n\n<\/div><\/div>\n<\/div><\/div>\n<\/div><\/div>\n<\/div><\/div>\n\n\n\n<h3 class=\"wp-block-heading\">Datepicker mit WordPress nutzen<\/h3>\n\n\n\n<p>Im voll funktionsf\u00e4higen Fallbeispiel wird die in WordPress bereits vorhandene jQuery-Bibliothek f\u00fcr den <strong>Kalender zur Datumswahl<\/strong>, der sogenannte Datepicker, initialisiert. Unser Javascript passt dann die Auswahlm\u00f6glichkeiten an. Hinterlegte <strong>Feiertage und Urlaubszeiten<\/strong> sind eben sowenig aktiviert wie Wochenenden als auch der aktuelle und der ggf. folgende Wochentag. Montags ist der Termin am Vormittag, freitags jener am Nachmittag, nicht buchbar. Nach <strong>Auswahl des Termins<\/strong> und der Eingabe der pers\u00f6nlichen Daten, die sich auf das notwendige Minimum beschr\u00e4nken, geht die Terminanfrage als E-Mail an das zust\u00e4ndige Team. F\u00fcr das Formular werden <em>Conditional Fields <\/em>und <em>Contact Form 7<\/em> eingesetzt, f\u00fcr den Datepicker wird kein Plugin ben\u00f6tigt.<\/p>\n\n\n\n\n","protected":false},"excerpt":{"rendered":"<p>Zu den bekanntesten Tools zur Buchung von Terminen auf Websites geh\u00f6ren die Plattformen \u00bbyoucanbook.me\u00ab und \u00bbsimplybook.me\u00ab sowie \u00bbcalendly.com\u00ab, die u.&nbsp;a. die Integration mit Kalendern (z.&nbsp;B. Google Kalender) bieten, um Termine nahtlos zu synchronisieren. Generell empfiehlt sich eine Pr\u00fcfung, ob die Features dieser g\u00e4ngigen Anwendungen ben\u00f6tigt werden oder ob es nicht auch einfacher geht. Statt eine [&hellip;]<\/p>\n","protected":false},"author":1,"featured_media":570,"parent":459,"menu_order":6,"comment_status":"closed","ping_status":"closed","template":"","meta":{"_acf_changed":false,"footnotes":""},"tags":[8],"class_list":["post-571","page","type-page","status-publish","has-post-thumbnail","hentry","tag-formulare-in-wordpress"],"acf":[],"_links":{"self":[{"href":"https:\/\/www.servicepraxis.com\/plugins\/wp-json\/wp\/v2\/pages\/571","targetHints":{"allow":["GET"]}}],"collection":[{"href":"https:\/\/www.servicepraxis.com\/plugins\/wp-json\/wp\/v2\/pages"}],"about":[{"href":"https:\/\/www.servicepraxis.com\/plugins\/wp-json\/wp\/v2\/types\/page"}],"author":[{"embeddable":true,"href":"https:\/\/www.servicepraxis.com\/plugins\/wp-json\/wp\/v2\/users\/1"}],"replies":[{"embeddable":true,"href":"https:\/\/www.servicepraxis.com\/plugins\/wp-json\/wp\/v2\/comments?post=571"}],"version-history":[{"count":0,"href":"https:\/\/www.servicepraxis.com\/plugins\/wp-json\/wp\/v2\/pages\/571\/revisions"}],"up":[{"embeddable":true,"href":"https:\/\/www.servicepraxis.com\/plugins\/wp-json\/wp\/v2\/pages\/459"}],"wp:featuredmedia":[{"embeddable":true,"href":"https:\/\/www.servicepraxis.com\/plugins\/wp-json\/wp\/v2\/media\/570"}],"wp:attachment":[{"href":"https:\/\/www.servicepraxis.com\/plugins\/wp-json\/wp\/v2\/media?parent=571"}],"wp:term":[{"taxonomy":"post_tag","embeddable":true,"href":"https:\/\/www.servicepraxis.com\/plugins\/wp-json\/wp\/v2\/tags?post=571"}],"curies":[{"name":"wp","href":"https:\/\/api.w.org\/{rel}","templated":true}]}}