{"id":548,"date":"2023-06-14T09:01:00","date_gmt":"2023-06-14T07:01:00","guid":{"rendered":"https:\/\/www.servicepraxis.com\/plugins\/?page_id=548"},"modified":"2025-05-30T07:25:43","modified_gmt":"2025-05-30T05:25:43","slug":"news-archive","status":"publish","type":"page","link":"https:\/\/www.servicepraxis.com\/plugins\/blog\/aktuelles\/news-archive\/","title":{"rendered":"Aktualit\u00e4t einer Website"},"content":{"rendered":"\n<p>Wie kann m\u00f6glichst bequem f\u00fcr alle die Aktualit\u00e4t einer Website gew\u00e4hrleistet werden? Wie lassen sich komfortabel News und Archive verwalten sowie Beitr\u00e4ge zur eventuellen \u00dcberarbeitung zum Stichtag offline nehmen?<\/p>\n\n\n\n<h3 class=\"wp-block-heading\">Handlungsempfehlungen<\/h3>\n\n\n\n<p>Gerade sogenannter Evergreen Content, also Beitr\u00e4ge zu Themen mit einem eher zeitlosem Charakter (z.&nbsp;B. Ratgeber), sind bei entsprechenden regelm\u00e4\u00dfigen Aktualisierungen langfristig erfolgreich. News, Aktuelles und ggf. ein Archiv auf einer Website bieten oftmals einen solchen, bed\u00fcrfen aber h\u00e4ufig einer \u00dcberarbeitung, um wirklich auf Stand zu sein.<\/p>\n\n\n\n<div class=\"wp-block-group card-container-group clearfix d-print-none mb-2 data-aos_zoom-in data-aos-delay_200 data-aos-duration_400\"><div class=\"wp-block-group__inner-container\">\n<div class=\"wp-block-group card-container\"><div class=\"wp-block-group__inner-container\">\n<div id=\"tab\" class=\"row g-0 p-0\">\n\t<ul class=\"nav nav-fill nav-tabs nav-justified flex-row\" id=\"myTab\" role=\"tablist\">\n\t\t<li class=\"nav-item\" role=\"presentation\">\n\t\t\t<button class=\"active nav-link align-items-stretch item1\" id=\"step-one-tab\" data-bs-toggle=\"tab\" data-bs-target=\"#step-one\" type=\"button\" role=\"tab\" aria-controls=\"step-one\" aria-selected=\"true\"> \n\t\t\t\t<i class=\"d-none d-md-block bi bi-pc-display-horizontal\"><\/i> <span class=\"nav-item-header\">Enddatum festlegen<\/span>\n\t\t\t<\/button> \n\t\t<\/li>\n\t\t<li class=\"nav-item\" role=\"presentation\"> \n\t\t\t<button class=\"nav-link align-items-stretch item2\" id=\"step-two-tab\" data-bs-toggle=\"tab\" data-bs-target=\"#step-two\" type=\"button\" role=\"tab\" aria-controls=\"step-two\" aria-selected=\"false\"> \n\t\t\t\t<i class=\"d-none d-md-block bi bi-plug-fill\"><\/i> <span class=\"nav-item-header\">WordPress im Hintergrund<\/span>\n\t\t\t<\/button> \n\t\t<\/li>  \n\t\t<li class=\"nav-item\" role=\"presentation\"> \n\t\t\t<button class=\"nav-link align-items-stretch item3\" id=\"step-three-tab\" data-bs-toggle=\"tab\" data-bs-target=\"#step-three\" type=\"button\" role=\"tab\" aria-controls=\"step-three\" aria-selected=\"false\"> \n\t\t\t\t<i class=\"d-none d-md-block bi bi-router-fill\"><\/i> <span class=\"nav-item-header\">Beitrag wieder freigeben<\/span>\n\t\t\t<\/button> \n\t\t<\/li> \n\t\t<li class=\"nav-item\" role=\"presentation\"> \n\t\t\t<button class=\"nav-link align-items-stretch item4\" id=\"step-four-tab\" data-bs-toggle=\"tab\" data-bs-target=\"#step-four\" type=\"button\" role=\"tab\" aria-controls=\"step-four\" aria-selected=\"false\"> \n\t\t\t\t<i class=\"d-none d-md-block bi bi-signpost-fill\"><\/i> <span class=\"nav-item-header\">Weitere Optionen<\/span>\n\t\t\t<\/button> \n\t\t<\/li>\n\t<\/ul> \n\t<div class=\"tab-content\"> \n\t\t<div class=\"tab-pane fade show active item1\" id=\"step-one\" role=\"tabpanel\" aria-labelledby=\"step-one-tab\"> \n\t\t\t<p class=\"h3\">Ablaufdatum im Redaktionsbereich<\/p>\n\t\t\t<hr>\n\t\t\t<p class=\"txt\">Ein Cronjob vergleicht das <b>aktuelle Datum mit dem Ablaufdatum<\/b> des Beitrags, wenn das heutige weiter Fortgeschritten ist als das Erfasste \u00e4ndert sich der Status automatisch. Ein Beitrag, der beispielsweise ab dem 10. September nicht angezeigt werden soll, muss auf den 09. September gesetzt werden. Hierf\u00fcr wird einmalig ein benutzerdefiniertes Feld im Backend angelegt.<\/p>\n\t\t\t<p class=\"cta\"><a href=\"\/kontakt\/\" class=\"btn btn-primary\"><i class=\"me-2 bi bi-telephone-outbound-fill\"><\/i> Jetzt kontaktieren 0911 &#8211; 49 75 58<\/a><\/p>\t\t\t\n\t\t<\/div>\n\t\t<div class=\"tab-pane fade item2\" id=\"step-two\" role=\"tabpanel\" aria-labelledby=\"step-two-tab\"> \n\t\t\t<p class=\"h3\">Weitgehende Automatisierung<\/p>\n\t\t\t<hr>\t\t\t\n\t\t\t<p class=\"txt\">Sobald der <b>Beitrag automatisch zum Wunschdatum offline<\/b> gegangen ist, sendet WordPress eine E-Mail an zust\u00e4ndigen Redakteur und bzw. oder Administration je nach Vorlieben. Besucher:innen, die \u00fcber einen Link auf einen solchen Beitrag sto\u00dfen, werden entsprechend (tempor\u00e4r) auf die passende Kategorie oder auf die Homepage umgeleitet. Gleichzeit verschwindet der Post bzw. ggf. auch die gesamte Kategorie von allen Navigationen, Sitemaps u.\u00a0\u00e4. <\/p>\n\t\t\t<p class=\"cta\"><a href=\"\/kontakt\/\" class=\"btn btn-primary\"><i class=\"me-2 bi bi-telephone-outbound-fill\"><\/i> Jetzt kontaktieren 0911 &#8211; 49 75 58<\/a><\/p>\t\t\t\n\t\t<\/div> \t\n\t\t<div class=\"tab-pane fade item3\" id=\"step-three\" role=\"tabpanel\" aria-labelledby=\"step-three-tab\"> \n\t\t\t<p class=\"h3\">Parken, \u00fcberarbeiten, verschieben, freigeben<\/p>\n\t\t\t<hr>\t\t\t\n\t\t\t<p class=\"txt\">Wenn der Beitrag offline gegangen ist, <b>ergeben sich verschiedene Szenarien<\/b>. Im Falle von Vertretungen zu Urlaubszeiten einer Arztpraxis wird dieser einfach als Vorlage f\u00fcr das n\u00e4chste Mal aufgehoben. K\u00fcnstler:innen und Museen werden solche Beitr\u00e4ge \u00fcberarbeiten und in einem Archiv wieder publizieren, w\u00e4hrend in anderen F\u00e4llen die Seite nur \u00fcberarbeitet wird und an gleicher Stelle wieder online geht. <\/p>\n\t\t\t<p class=\"cta\"><a href=\"\/kontakt\/\" class=\"btn btn-primary\"><i class=\"me-2 bi bi-telephone-outbound-fill\"><\/i> Jetzt kontaktieren 0911 &#8211; 49 75 58<\/a><\/p>\t\t\t\n\t\t<\/div> \n\t\t<div class=\"tab-pane fade item4\" id=\"step-four\" role=\"tabpanel\" aria-labelledby=\"step-four-tab\"> \n\t\t\t<p class=\"h3\">Weitere M\u00f6glichkeiten<\/p>\n\t\t\t<hr>\t\t\n\t\t\t<p class=\"txt\">Je nach Anforderungen an ein Projekt lassen sich <b>weitere benutzerdefinierte Felder und Aktionen<\/b> einf\u00fchren, um den Status des Beitrags individuell festzulegen (z.\u00a0B. statt Privat Entwurf) oder das automatische Verschieben in ein Archiv ohne den Post vorher zu \u00fcberarbeiten. Auch ein direktes L\u00f6schen ist denkbar, wenn auch nicht empfehlenswert, bzw. alternativ nur eine Benachrichtigung per Mail, dass die Seite der \u00dcberarbeitung bedarf. Zwecks besserer \u00dcbersicht kann man Redakteuren eine gesch\u00fctzte Seite zur Verf\u00fcgung stellen, die auflistet, wann welcher Beitrag ausl\u00e4uft.<\/p>\n\t\t\t<p class=\"cta\"><a href=\"\/kontakt\/\" class=\"btn btn-primary\"><i class=\"me-2 bi bi-telephone-outbound-fill\"><\/i> Jetzt kontaktieren 0911 &#8211; 49 75 58<\/a><\/p>\n\t\t<\/div>\n\t<\/div>\t\n<\/div>\n\n\n\n<p class=\"has-text-align-right hide-xl clearfix float-end small has-text-color\" style=\"color:#ffd1e3\">Webservice aus der Praxis www.servicepraxis.com\/plugins\/blog\/aktuelles\/news-archive<\/p>\n<\/div><\/div>\n<\/div><\/div>\n\n\n\n<p class=\"clearfix\">Benutzerdefinierte Felder in WordPress bieten umfangreiche, individuelle Anpassungen der Website an Ihre W\u00fcnsche und Vorgaben. Diese k\u00f6nnen zwar ganz ohne Plugin angelegt werden, wesentlich praktischer und im Arbeitsalltag bew\u00e4hrt hat sich Advanced Custom Fields (ACF).<\/p>\n\n\n\n<h3 class=\"wp-block-heading\">Advanced Custom Fields<\/h3>\n\n\n\n<p>WordPress bietet standardm\u00e4\u00dfig bestimmte Felder wie Titel und Inhalt. Mit benutzerdefinierten Feldern k\u00f6nnen weitere spezifische Informationen hinzugef\u00fcgt werden. Eine effektive M\u00f6glichkeit, die Flexibilit\u00e4t zu erweitern und Inhalte nach Ihren Anforderungen anzupassen. Das <strong>Plugin Advanced Custom Fields<\/strong> setzt hier an und erlaubt die Programmierung und Erstellung von ma\u00dfgeschneiderten L\u00f6sungen f\u00fcr spezifische Anforderungen.<\/p>\n\n\n\n<div class=\"wp-block-group alignwide card-container-group mb-3 data-aos_zoom-in data-aos-delay_200 data-aos-duration_400\"><div class=\"wp-block-group__inner-container\">\n<div class=\"wp-block-group alignwide card-container\"><div class=\"wp-block-group__inner-container\">\n<div class=\"wp-block-media-text alignwide is-stacked-on-mobile is-vertically-aligned-center p-3 has-text-color has-background has-link-color wp-elements-a25da4e08b56392542318e86d4d70779\" style=\"color:#ffffff;background-color:#8a5e9c;grid-template-columns:33% auto\"><figure class=\"wp-block-media-text__media\"><img loading=\"lazy\" decoding=\"async\" width=\"345\" height=\"577\" src=\"https:\/\/www.servicepraxis.com\/plugins\/wp-content\/uploads\/sites\/6\/blg6_newsticker_001.png\" alt=\"Newsticker, wenn es mal schnell gehen muss \u00a9 B&amp;N Internet-Marketing\" class=\"wp-image-557 size-full img-fluid \"\/><\/figure><div class=\"wp-block-media-text__content\">\n<div class=\"wp-block-columns\">\n<div class=\"wp-block-column\">\n<h3 class=\"wp-block-heading h3 hide-md\" style=\"font-size:2rem\">Manchmal muss es schnell gehen<\/h3>\n\n\n\n<hr class=\"wp-block-separator has-text-color has-white-color has-alpha-channel-opacity has-white-background-color has-background is-style-wide hide-md\"\/>\n\n\n\n<p style=\"font-size:1.25rem\">Es gibt F\u00e4lle, wo ein Hinweis binnen weniger Minuten auf allen Seiten und Beitr\u00e4gen einer Internetpr\u00e4senz publiziert werden muss, nicht nur auf der Homepage oder einem einzelnen Post. Dies soll schnell, nutzer- aber auch anwenderfreundlich geschehen. Je nach Layout und Design kann man hierf\u00fcr Sidebar oder Fu\u00dfzeile nutzen.<\/p>\n\n\n\n<p style=\"font-size:3rem\"><i class=\"bi bi-yin-yang\"><\/i><\/p>\n<\/div>\n<\/div>\n<\/div><\/div>\n<\/div><\/div>\n<\/div><\/div>\n\n\n\n<p>Einmalige Registrierung unseres <strong>Widgets<\/strong> z.&nbsp;B. als Newsticker in der <code>functions.php<\/code> und Hinterlegung an passender Stelle im Theme mit<code> if (is_active_sidebar( 'newsticker')<\/code> etc. Im Backend muss nur der passende Text eingef\u00fcgt werden und um das Laufband zu aktivieren, in das entsprechende Widget verschoben werden. Wird der Hinweis nicht mehr ben\u00f6tigt, setzt man einfach den Baustein zu den inaktiven Widgets f\u00fcr den n\u00e4chsten Einsatz.<\/p>\n\n\n\n\n","protected":false},"excerpt":{"rendered":"<p>Wie kann m\u00f6glichst bequem f\u00fcr alle die Aktualit\u00e4t einer Website gew\u00e4hrleistet werden? Wie lassen sich komfortabel News und Archive verwalten sowie Beitr\u00e4ge zur eventuellen \u00dcberarbeitung zum Stichtag offline nehmen? Handlungsempfehlungen Gerade sogenannter Evergreen Content, also Beitr\u00e4ge zu Themen mit einem eher zeitlosem Charakter (z.&nbsp;B. Ratgeber), sind bei entsprechenden regelm\u00e4\u00dfigen Aktualisierungen langfristig erfolgreich. News, Aktuelles und [&hellip;]<\/p>\n","protected":false},"author":1,"featured_media":547,"parent":541,"menu_order":14,"comment_status":"closed","ping_status":"closed","template":"","meta":{"_acf_changed":false,"footnotes":""},"tags":[],"class_list":["post-548","page","type-page","status-publish","has-post-thumbnail","hentry"],"acf":[],"_links":{"self":[{"href":"https:\/\/www.servicepraxis.com\/plugins\/wp-json\/wp\/v2\/pages\/548","targetHints":{"allow":["GET"]}}],"collection":[{"href":"https:\/\/www.servicepraxis.com\/plugins\/wp-json\/wp\/v2\/pages"}],"about":[{"href":"https:\/\/www.servicepraxis.com\/plugins\/wp-json\/wp\/v2\/types\/page"}],"author":[{"embeddable":true,"href":"https:\/\/www.servicepraxis.com\/plugins\/wp-json\/wp\/v2\/users\/1"}],"replies":[{"embeddable":true,"href":"https:\/\/www.servicepraxis.com\/plugins\/wp-json\/wp\/v2\/comments?post=548"}],"version-history":[{"count":0,"href":"https:\/\/www.servicepraxis.com\/plugins\/wp-json\/wp\/v2\/pages\/548\/revisions"}],"up":[{"embeddable":true,"href":"https:\/\/www.servicepraxis.com\/plugins\/wp-json\/wp\/v2\/pages\/541"}],"wp:featuredmedia":[{"embeddable":true,"href":"https:\/\/www.servicepraxis.com\/plugins\/wp-json\/wp\/v2\/media\/547"}],"wp:attachment":[{"href":"https:\/\/www.servicepraxis.com\/plugins\/wp-json\/wp\/v2\/media?parent=548"}],"wp:term":[{"taxonomy":"post_tag","embeddable":true,"href":"https:\/\/www.servicepraxis.com\/plugins\/wp-json\/wp\/v2\/tags?post=548"}],"curies":[{"name":"wp","href":"https:\/\/api.w.org\/{rel}","templated":true}]}}

Aktualität einer Website

<p>Wie kann möglichst bequem für alle die Aktualität einer Website gewährleistet werden? Wie lassen sich komfortabel News und Archive verwalten sowie Beiträge zur eventuellen Überarbeitung zum Stichtag offline nehmen?</p>



<h3 class="wp-block-heading">Handlungsempfehlungen</h3>



<p>Gerade sogenannter Evergreen Content, also Beiträge zu Themen mit einem eher zeitlosem Charakter (z.&nbsp;B. Ratgeber), sind bei entsprechenden regelmäßigen Aktualisierungen langfristig erfolgreich. News, Aktuelles und ggf. ein Archiv auf einer Website bieten oftmals einen solchen, bedürfen aber häufig einer Überarbeitung, um wirklich auf Stand zu sein.</p>



<div class="wp-block-group card-container-group clearfix d-print-none mb-2 data-aos_zoom-in data-aos-delay_200 data-aos-duration_400"><div class="wp-block-group__inner-container">
<div class="wp-block-group card-container"><div class="wp-block-group__inner-container">
<div id="tab" class="row g-0 p-0">
	<ul class="nav nav-fill nav-tabs nav-justified flex-row" id="myTab" role="tablist">
		<li class="nav-item" role="presentation">
			<button class="active nav-link align-items-stretch item1" id="step-one-tab" data-bs-toggle="tab" data-bs-target="#step-one" type="button" role="tab" aria-controls="step-one" aria-selected="true"> 
				<i class="d-none d-md-block bi bi-pc-display-horizontal"></i> <span class="nav-item-header">Enddatum festlegen</span>
			</button> 
		</li>
		<li class="nav-item" role="presentation"> 
			<button class="nav-link align-items-stretch item2" id="step-two-tab" data-bs-toggle="tab" data-bs-target="#step-two" type="button" role="tab" aria-controls="step-two" aria-selected="false"> 
				<i class="d-none d-md-block bi bi-plug-fill"></i> <span class="nav-item-header">WordPress im Hintergrund</span>
			</button> 
		</li>  
		<li class="nav-item" role="presentation"> 
			<button class="nav-link align-items-stretch item3" id="step-three-tab" data-bs-toggle="tab" data-bs-target="#step-three" type="button" role="tab" aria-controls="step-three" aria-selected="false"> 
				<i class="d-none d-md-block bi bi-router-fill"></i> <span class="nav-item-header">Beitrag wieder freigeben</span>
			</button> 
		</li> 
		<li class="nav-item" role="presentation"> 
			<button class="nav-link align-items-stretch item4" id="step-four-tab" data-bs-toggle="tab" data-bs-target="#step-four" type="button" role="tab" aria-controls="step-four" aria-selected="false"> 
				<i class="d-none d-md-block bi bi-signpost-fill"></i> <span class="nav-item-header">Weitere Optionen</span>
			</button> 
		</li>
	</ul> 
	<div class="tab-content"> 
		<div class="tab-pane fade show active item1" id="step-one" role="tabpanel" aria-labelledby="step-one-tab"> 
			<p class="h3">Ablaufdatum im Redaktionsbereich</p>
			<hr>
			<p class="txt">Ein Cronjob vergleicht das <b>aktuelle Datum mit dem Ablaufdatum</b> des Beitrags, wenn das heutige weiter Fortgeschritten ist als das Erfasste ändert sich der Status automatisch. Ein Beitrag, der beispielsweise ab dem 10. September nicht angezeigt werden soll, muss auf den 09. September gesetzt werden. Hierfür wird einmalig ein benutzerdefiniertes Feld im Backend angelegt.</p>
			<p class="cta"><a href="/kontakt/" class="btn btn-primary"><i class="me-2 bi bi-telephone-outbound-fill"></i> Jetzt kontaktieren 0911 &#8211; 49 75 58</a></p>			
		</div>
		<div class="tab-pane fade item2" id="step-two" role="tabpanel" aria-labelledby="step-two-tab"> 
			<p class="h3">Weitgehende Automatisierung</p>
			<hr>			
			<p class="txt">Sobald der <b>Beitrag automatisch zum Wunschdatum offline</b> gegangen ist, sendet WordPress eine E-Mail an zuständigen Redakteur und bzw. oder Administration je nach Vorlieben. Besucher:innen, die über einen Link auf einen solchen Beitrag stoßen, werden entsprechend (temporär) auf die passende Kategorie oder auf die Homepage umgeleitet. Gleichzeit verschwindet der Post bzw. ggf. auch die gesamte Kategorie von allen Navigationen, Sitemaps u. ä. </p>
			<p class="cta"><a href="/kontakt/" class="btn btn-primary"><i class="me-2 bi bi-telephone-outbound-fill"></i> Jetzt kontaktieren 0911 &#8211; 49 75 58</a></p>			
		</div> 	
		<div class="tab-pane fade item3" id="step-three" role="tabpanel" aria-labelledby="step-three-tab"> 
			<p class="h3">Parken, überarbeiten, verschieben, freigeben</p>
			<hr>			
			<p class="txt">Wenn der Beitrag offline gegangen ist, <b>ergeben sich verschiedene Szenarien</b>. Im Falle von Vertretungen zu Urlaubszeiten einer Arztpraxis wird dieser einfach als Vorlage für das nächste Mal aufgehoben. Künstler:innen und Museen werden solche Beiträge überarbeiten und in einem Archiv wieder publizieren, während in anderen Fällen die Seite nur überarbeitet wird und an gleicher Stelle wieder online geht. </p>
			<p class="cta"><a href="/kontakt/" class="btn btn-primary"><i class="me-2 bi bi-telephone-outbound-fill"></i> Jetzt kontaktieren 0911 &#8211; 49 75 58</a></p>			
		</div> 
		<div class="tab-pane fade item4" id="step-four" role="tabpanel" aria-labelledby="step-four-tab"> 
			<p class="h3">Weitere Möglichkeiten</p>
			<hr>		
			<p class="txt">Je nach Anforderungen an ein Projekt lassen sich <b>weitere benutzerdefinierte Felder und Aktionen</b> einführen, um den Status des Beitrags individuell festzulegen (z. B. statt Privat Entwurf) oder das automatische Verschieben in ein Archiv ohne den Post vorher zu überarbeiten. Auch ein direktes Löschen ist denkbar, wenn auch nicht empfehlenswert, bzw. alternativ nur eine Benachrichtigung per Mail, dass die Seite der Überarbeitung bedarf. Zwecks besserer Übersicht kann man Redakteuren eine geschützte Seite zur Verfügung stellen, die auflistet, wann welcher Beitrag ausläuft.</p>
			<p class="cta"><a href="/kontakt/" class="btn btn-primary"><i class="me-2 bi bi-telephone-outbound-fill"></i> Jetzt kontaktieren 0911 &#8211; 49 75 58</a></p>
		</div>
	</div>	
</div>



<p class="has-text-align-right hide-xl clearfix float-end small has-text-color" style="color:#ffd1e3">Webservice aus der Praxis www.servicepraxis.com/plugins/blog/aktuelles/news-archive</p>
</div></div>
</div></div>



<p class="clearfix">Benutzerdefinierte Felder in WordPress bieten umfangreiche, individuelle Anpassungen der Website an Ihre Wünsche und Vorgaben. Diese können zwar ganz ohne Plugin angelegt werden, wesentlich praktischer und im Arbeitsalltag bewährt hat sich Advanced Custom Fields (ACF).</p>



<h3 class="wp-block-heading">Advanced Custom Fields</h3>



<p>WordPress bietet standardmäßig bestimmte Felder wie Titel und Inhalt. Mit benutzerdefinierten Feldern können weitere spezifische Informationen hinzugefügt werden. Eine effektive Möglichkeit, die Flexibilität zu erweitern und Inhalte nach Ihren Anforderungen anzupassen. Das <strong>Plugin Advanced Custom Fields</strong> setzt hier an und erlaubt die Programmierung und Erstellung von maßgeschneiderten Lösungen für spezifische Anforderungen.</p>



<div class="wp-block-group alignwide card-container-group mb-3 data-aos_zoom-in data-aos-delay_200 data-aos-duration_400"><div class="wp-block-group__inner-container">
<div class="wp-block-group alignwide card-container"><div class="wp-block-group__inner-container">
<div class="wp-block-media-text alignwide is-stacked-on-mobile is-vertically-aligned-center p-3 has-text-color has-background has-link-color wp-elements-a25da4e08b56392542318e86d4d70779" style="color:#ffffff;background-color:#8a5e9c;grid-template-columns:33% auto"><figure class="wp-block-media-text__media"><img loading="lazy" decoding="async" width="345" height="577" src="https://www.servicepraxis.com/plugins/wp-content/uploads/sites/6/blg6_newsticker_001.png" alt="Newsticker, wenn es mal schnell gehen muss © B&amp;N Internet-Marketing" class="wp-image-557 size-full img-fluid "/></figure><div class="wp-block-media-text__content">
<div class="wp-block-columns">
<div class="wp-block-column">
<h3 class="wp-block-heading h3 hide-md" style="font-size:2rem">Manchmal muss es schnell gehen</h3>



<hr class="wp-block-separator has-text-color has-white-color has-alpha-channel-opacity has-white-background-color has-background is-style-wide hide-md"/>



<p style="font-size:1.25rem">Es gibt Fälle, wo ein Hinweis binnen weniger Minuten auf allen Seiten und Beiträgen einer Internetpräsenz publiziert werden muss, nicht nur auf der Homepage oder einem einzelnen Post. Dies soll schnell, nutzer- aber auch anwenderfreundlich geschehen. Je nach Layout und Design kann man hierfür Sidebar oder Fußzeile nutzen.</p>



<p style="font-size:3rem"><i class="bi bi-yin-yang"></i></p>
</div>
</div>
</div></div>
</div></div>
</div></div>



<p>Einmalige Registrierung unseres <strong>Widgets</strong> z.&nbsp;B. als Newsticker in der <code>functions.php</code> und Hinterlegung an passender Stelle im Theme mit<code> if (is_active_sidebar( 'newsticker')</code> etc. Im Backend muss nur der passende Text eingefügt werden und um das Laufband zu aktivieren, in das entsprechende Widget verschoben werden. Wird der Hinweis nicht mehr benötigt, setzt man einfach den Baustein zu den inaktiven Widgets für den nächsten Einsatz.</p>

<p>Wie kann möglichst bequem für alle die Aktualität einer Website gewährleistet werden? Wie lassen sich komfortabel News und Archive verwalten sowie Beiträge zur eventuellen Überarbeitung zum Stichtag offline nehmen? Handlungsempfehlungen Gerade sogenannter Evergreen Content, also Beiträge zu Themen mit einem eher zeitlosem Charakter (z.&nbsp;B. Ratgeber), sind bei entsprechenden regelmäßigen Aktualisierungen langfristig erfolgreich. News, Aktuelles und [&hellip;]</p>
