{"id":211,"date":"2022-08-20T08:39:16","date_gmt":"2022-08-20T06:39:16","guid":{"rendered":"https:\/\/www.servicepraxis.com\/plugins\/?page_id=211"},"modified":"2026-02-23T10:08:13","modified_gmt":"2026-02-23T09:08:13","slug":"tabellen-in-wordpress","status":"publish","type":"page","link":"https:\/\/www.servicepraxis.com\/plugins\/tabellen\/tabellen-in-wordpress\/","title":{"rendered":"Tabellen mit TablePress"},"content":{"rendered":"\n<p>Das Plugin TablePress erm\u00f6glicht in WordPress das zentrale <strong>Erstellen und Verwalten von responsiven, auch f\u00fcr Mobilger\u00e4te geeigneten Tabellen<\/strong> in Artikeln und Seiten. Mit mehreren Millionen Downloads und \u00fcber 800.000 aktiven Installationen geh\u00f6rt das Plugin f\u00fcr mich zum besten, was Tabellenverwaltung unter WordPress betrifft. <\/p>\n\n\n\n<h3 class=\"wp-block-heading\"><strong>Tabellen auch f\u00fcr mobile Ger\u00e4te<\/strong><\/h3>\n\n\n\n<p>Hinsichtlich Layout und Design k\u00f6nnen Tabellen an die eigene Website angepasst werden. Redakteure k\u00f6nnen <strong>ohne gr\u00f6\u00dfere Programmierkenntnisse Tabellen erstellen<\/strong> und verwalten bzw. u.a. aus g\u00e4ngigen Officeprogrammen importieren. Die Oberfl\u00e4che erm\u00f6glicht eine einfache Bearbeitung. Tabellen k\u00f6nnen jede Art von Daten enthalten, wie Zahlen, Text, Bilder, Links und sogar mathematische Formeln. Dar\u00fcber hinaus ist durch Integration der <a rel=\"noreferrer noopener\" href=\"https:\/\/www.datatables.net\/\" target=\"_blank\">DataTables<\/a> JavaScript Bibliothek die Aktivierung von Funktionen wie Sortierung, Paginierung, Suche und mehr f\u00fcr Besucher:innen Ihrer Website m\u00f6glich. <\/p>\n\n\n\n<p>Die folgende Tabelle mit meinen <strong>Favoriten hinsichtlich Plugins f\u00fcr WordPress<\/strong> passt sich dem Ger\u00e4t an, die dritte bzw. dritte und vierte Spalte wird auf kleineren Ger\u00e4ten nicht angezeigt. Links in der letzten Spalte wurden in allen Beispielen der \u00dcbersichtlichkeit wegen \u00fcber das Stylesheet gek\u00fcrzt.<\/p>\n\n\n\n<div class=\"wp-block-group card-container-group data-aos_zoom-in data-aos-delay_200 data-aos-duration_400\"><div class=\"wp-block-group__inner-container\">\n<table id=\"tablepress-3\" class=\"tablepress tablepress-id-3 tablepress-responsive\">\n<thead>\n<tr class=\"row-1 odd\">\n\t<th class=\"column-1\" style=\"width:15%;\">Plugin<\/th><th class=\"column-2\" style=\"width:60%;\">Zweck<\/th><th class=\"column-3\" style=\"width:20%;\">Kategorie<\/th><th class=\"column-4\" style=\"width:5%;\">Link<\/th>\n<\/tr>\n<\/thead>\n<tbody class=\"row-hover\">\n<tr class=\"row-2 even\">\n\t<td class=\"column-1\">Advanced Custom Fields<\/td><td class=\"column-2\">Advanced Custom Fields z.B. als Erg\u00e4nzung f\u00fcr Layout und Design, um die volle Kontrolle \u00fcber Ansichten und Post-Meta-Felder zu bekommen<\/td><td class=\"column-3\">Administration<\/td><td class=\"column-4\"><a target=\"_blank\" href=\"https:\/\/de.wordpress.org\/plugins\/advanced-custom-fields\/\" rel=\"nofollow\">https:\/\/de.wordpress.org\/plugins\/advanced-custom-fields\/<\/a><\/td>\n<\/tr>\n<tr class=\"row-3 odd\">\n\t<td class=\"column-1\">BackWPup<\/td><td class=\"column-2\">Komplette Installation von WordPress inklusive Datenbank und Content-Verzeichnis sichern und bei sich oder bei einem externen Dienstleister ablegen<\/td><td class=\"column-3\">Wartung<\/td><td class=\"column-4\"><a target=\"_blank\" href=\"https:\/\/de.wordpress.org\/plugins\/backwpup\/\" rel=\"nofollow\">https:\/\/de.wordpress.org\/plugins\/backwpup\/<\/a><\/td>\n<\/tr>\n<tr class=\"row-4 even\">\n\t<td class=\"column-1\">Contact Form 7<\/td><td class=\"column-2\">Zentrale Erstellung und Verwaltung von Kontaktformularen, erweiterbar u.a. um Captcha, Honeypot und Abfragen mit Conditional Fields<\/td><td class=\"column-3\">Formulare<\/td><td class=\"column-4\"><a target=\"_blank\" href=\"https:\/\/de.wordpress.org\/plugins\/contact-form-7\/\" rel=\"nofollow\">https:\/\/de.wordpress.org\/plugins\/contact-form-7\/<\/a><\/td>\n<\/tr>\n<tr class=\"row-5 odd\">\n\t<td class=\"column-1\">DigiMember<\/td><td class=\"column-2\">Gesch\u00fctze Mitgliederbereiche. Einstellung von Programmen zum Download incl. Zahlungsverwaltung. Alternative zu Ultimate Member.<\/td><td class=\"column-3\">Mitgliederverwaltung<\/td><td class=\"column-4\"><a target=\"_blank\" href=\"https:\/\/digimember.de\/\" rel=\"nofollow\">https:\/\/digimember.de\/<\/a><\/td>\n<\/tr>\n<tr class=\"row-6 even\">\n\t<td class=\"column-1\">Hyper Cache<\/td><td class=\"column-2\">Caching der Webseiten, Reduzierung der Abfragen an die Datenbank, Verringerung der Ladezeiten<\/td><td class=\"column-3\">Optimierung<\/td><td class=\"column-4\"><a target=\"_blank\" href=\"https:\/\/de.wordpress.org\/plugins\/hyper-cache\/\" rel=\"nofollow\">https:\/\/de.wordpress.org\/plugins\/hyper-cache\/<\/a><\/td>\n<\/tr>\n<tr class=\"row-7 odd\">\n\t<td class=\"column-1\">LearnPress<\/td><td class=\"column-2\">Beliebtes Plugin f\u00fcr WordPress, um Kurse zu erstellen, die Online abgehalten werden sollen<\/td><td class=\"column-3\">Lernplattform<\/td><td class=\"column-4\"><a target=\"_blank\" href=\"https:\/\/de.wordpress.org\/plugins\/learnpress\/\" rel=\"nofollow\">https:\/\/de.wordpress.org\/plugins\/learnpress\/<\/a><\/td>\n<\/tr>\n<tr class=\"row-8 even\">\n\t<td class=\"column-1\">Limit Login Attempts <\/td><td class=\"column-2\">Begrenzt die Anzahl der Wiederholungsversuche beim Anmelden, konfigurierbare Sperrzeiten u.v.m.<\/td><td class=\"column-3\">Sicherheit<\/td><td class=\"column-4\"><a target=\"_blank\" href=\"https:\/\/de.wordpress.org\/plugins\/limit-login-attempts-reloaded\/\" rel=\"nofollow\">https:\/\/de.wordpress.org\/plugins\/limit-login-attempts-reloaded\/<\/a><\/td>\n<\/tr>\n<tr class=\"row-9 odd\">\n\t<td class=\"column-1\">Optimize Database <\/td><td class=\"column-2\">Optimize Database after Deleting Revision, ein Datenbankbereiniger, l\u00f6scht u.a. Revisionen von Beitr\u00e4gen, Seiten bzw. benutzerdefinierten Beitragstypen<\/td><td class=\"column-3\">Wartung<\/td><td class=\"column-4\"><a target=\"_blank\" href=\"https:\/\/de.wordpress.org\/plugins\/rvg-optimize-database\/\" rel=\"nofollow\">https:\/\/de.wordpress.org\/plugins\/rvg-optimize-database\/<\/a><\/td>\n<\/tr>\n<tr class=\"row-10 even\">\n\t<td class=\"column-1\">Statify<\/td><td class=\"column-2\">Kompakte, datenschutzkonforme \u00dcbersicht \u00fcber die Anzahl der Seitenaufrufe ohne Cookies<\/td><td class=\"column-3\">Statistik<\/td><td class=\"column-4\"><a target=\"_blank\" href=\"https:\/\/de.wordpress.org\/plugins\/statify\/\" rel=\"nofollow\">https:\/\/de.wordpress.org\/plugins\/statify\/<\/a><\/td>\n<\/tr>\n<tr class=\"row-11 odd\">\n\t<td class=\"column-1\">Ultimate Member<\/td><td class=\"column-2\">Plugin zur Verwaltung von Benutzerprofilen, Benutzerregistrierung, Anmeldung und Mitgliedschaft.<\/td><td class=\"column-3\">Mitgliederverwaltung<\/td><td class=\"column-4\"><a target=\"_blank\" href=\"https:\/\/de.wordpress.org\/plugins\/ultimate-member\/\" rel=\"nofollow\">https:\/\/de.wordpress.org\/plugins\/ultimate-member\/<\/a><\/td>\n<\/tr>\n<tr class=\"row-12 even\">\n\t<td class=\"column-1\">WebP Express<\/td><td class=\"column-2\">Umwandlung und Bereitstellung von Bildern in neueren Bildformaten, so dass auch die Ladezeit verbessert wird<\/td><td class=\"column-3\">Optimierung<\/td><td class=\"column-4\"><a target=\"_blank\" href=\"https:\/\/de.wordpress.org\/plugins\/webp-express\/\" rel=\"nofollow\">https:\/\/de.wordpress.org\/plugins\/webp-express\/<\/a><\/td>\n<\/tr>\n<tr class=\"row-13 odd\">\n\t<td class=\"column-1\">WooCommerce<\/td><td class=\"column-2\">Meistgebrauchte Plattform f\u00fcr einen Shop auf WordPress, Basissystem ist kostenlos, flexibel und wird durch eine weltweite Community unterst\u00fctzt<\/td><td class=\"column-3\">Ecommerce<\/td><td class=\"column-4\"><a target=\"_blank\" href=\"https:\/\/de.wordpress.org\/plugins\/woocommerce\/\" rel=\"nofollow\">https:\/\/de.wordpress.org\/plugins\/woocommerce\/<\/a><\/td>\n<\/tr>\n<tr class=\"row-14 even\">\n\t<td class=\"column-1\">WP Sort Order<\/td><td class=\"column-2\">Redakteuren k\u00f6nnen intuitiv die Reihenfolge von Beitr\u00e4gen und Seiten beliebig per Drag-and-Dropp sortieren<\/td><td class=\"column-3\">Administration<\/td><td class=\"column-4\"><a target=\"_blank\" href=\"https:\/\/de.wordpress.org\/plugins\/wp-sort-order\/\" rel=\"nofollow\">https:\/\/de.wordpress.org\/plugins\/wp-sort-order\/<\/a><\/td>\n<\/tr>\n<tr class=\"row-15 odd\">\n\t<td class=\"column-1\">Yoast Seo<\/td><td class=\"column-2\">Besuchern mittels Ampelsystem und Vorschau auf das Snippet sowie Suchmaschinen dabei helfen, das Meiste aus der Website herauszuholen<\/td><td class=\"column-3\">Optimierung<\/td><td class=\"column-4\"><a target=\"_blank\" href=\"https:\/\/de.wordpress.org\/plugins\/wordpress-seo\/\" rel=\"nofollow\">https:\/\/de.wordpress.org\/plugins\/wordpress-seo\/<\/a><\/td>\n<\/tr>\n<\/tbody>\n<\/table>\n<!-- #tablepress-3 from cache -->\n<\/div><\/div>\n\n\n\n<a class=\"btn btn-primary call-to-action-button\" href=\"javascript:window.location.reload(true)\">Fenstergr\u00f6\u00dfe \u00e4ndern, dann Seite neu laden<\/a>\n\n\n\n<p>Wertvoll sind insbesondere <strong>drei Erg\u00e4nzungen des Plugins<\/strong>. Erstens die M\u00f6glichkeit, Tabellen auch auf kleinen Monitoren optisch optimal darzustellen, zweitens die automatische Umwandlung von Webadressen in Links und zum dritten die Erweiterung zum Sortieren f\u00fcr bestimmte Datentypen, wie z. B. W\u00e4hrungswerte mit W\u00e4hrungssymbolen, Zahlen in Kombination mit Text oder europ\u00e4ische Datumsangaben. <\/p>\n\n\n\n<div class=\"wp-block-group card-container-group data-aos_zoom-in data-aos-delay_200 data-aos-duration_400 d-print-none\"><div class=\"wp-block-group__inner-container\">\n<div class=\"wp-block-group card-container p-0\"><div class=\"wp-block-group__inner-container\">\n<div class=\"wp-block-group card d-flex align-items-stretch\"><div class=\"wp-block-group__inner-container\">\n<div class=\"wp-block-group card-body\"><div class=\"wp-block-group__inner-container\">\n<p class=\"has-drop-cap\">Fallbeispiel Vortr\u00e4ge der Mundenbruch Stiftung, die Anmeldung erfolgt \u00fcber den entsprechenden Link in der Tabelle beim jeweiligen Veranstalter \u279a <a style=\"border-bottom: 1px dotted;\" target=\"_blank\" rel=\"noopener\" href=\"https:\/\/www.mundenbruch.de\/veranstaltungen\/termine\/\">www.mundenbruch.de\/veranstaltungen\/termine<\/a>.<\/p>\n<\/div><\/div>\n<\/div><\/div>\n<\/div><\/div>\n<\/div><\/div>\n\n\n\n<p>Auf kleineren Monitoren bzw. Mobiltelefonen \u00e4ndert sich die Struktur der Tabelle, die Kopfzeile l\u00e4uft nach links, die Spalten sind rechts angeordnet, Nutzer:innen k\u00f6nnen nach rechts wischen, um die weiteren Inhalte anzuschauen. Dies wird zus\u00e4tzlich mit einem Scrollbalken unter der Tabelle verdeutlicht.<\/p>\n\n\n\n<div class=\"wp-block-group card-container-group data-aos_zoom-in data-aos-delay_200 data-aos-duration_400\"><div class=\"wp-block-group__inner-container\">\n<table id=\"tablepress-2\" class=\"tablepress tablepress-id-2 tablepress-responsive tablepress-responsive-tablet\">\n<thead>\n<tr class=\"row-1 odd\">\n\t<th class=\"column-1\" style=\"width:15%;\">Datum<\/th><th class=\"column-2\" style=\"width:25%;\">Veranstaltung<\/th><th class=\"column-3\" style=\"width:25%;\">Stadt<\/th><th class=\"column-4\" style=\"width:20%;\">Land<\/th><th class=\"column-5\" style=\"width:15%;\">Link<\/th>\n<\/tr>\n<\/thead>\n<tbody class=\"row-hover\">\n<tr class=\"row-2 even\">\n\t<td class=\"column-1\">21.10.2022<\/td><td class=\"column-2\">WordCamp<\/td><td class=\"column-3\">Lyon<\/td><td class=\"column-4\">Frankreich<\/td><td class=\"column-5\"><a target=\"_blank\" href=\"https:\/\/lyon.wordcamp.org\/2022\/\" rel=\"nofollow\">https:\/\/lyon.wordcamp.org\/2022\/<\/a><\/td>\n<\/tr>\n<tr class=\"row-3 odd\">\n\t<td class=\"column-1\">22.10.2022<\/td><td class=\"column-2\">WordCamp<\/td><td class=\"column-3\">Brno<\/td><td class=\"column-4\">Tschechien<\/td><td class=\"column-5\"><a target=\"_blank\" href=\"https:\/\/brno.wordcamp.org\/2022\/\" rel=\"nofollow\">https:\/\/brno.wordcamp.org\/2022\/<\/a><\/td>\n<\/tr>\n<tr class=\"row-4 even\">\n\t<td class=\"column-1\">12.11.2022<\/td><td class=\"column-2\">WordCamp<\/td><td class=\"column-3\">Nagpur<\/td><td class=\"column-4\">Indien<\/td><td class=\"column-5\"><a target=\"_blank\" href=\"https:\/\/nagpur.wordcamp.org\/2022\/\" rel=\"nofollow\">https:\/\/nagpur.wordcamp.org\/2022\/<\/a><\/td>\n<\/tr>\n<tr class=\"row-5 odd\">\n\t<td class=\"column-1\">18.11.2022<\/td><td class=\"column-2\">WordCamp<\/td><td class=\"column-3\">Gri\u00f1\u00f3n<\/td><td class=\"column-4\">Spanien<\/td><td class=\"column-5\"><a target=\"_blank\" href=\"https:\/\/grinon.wordcamp.org\/2022\/\" rel=\"nofollow\">https:\/\/grinon.wordcamp.org\/2022\/<\/a><\/td>\n<\/tr>\n<tr class=\"row-6 even\">\n\t<td class=\"column-1\">18.03.2023<\/td><td class=\"column-2\">WordCamp<\/td><td class=\"column-3\">Torrelodones<\/td><td class=\"column-4\">Spanien<\/td><td class=\"column-5\"><a target=\"_blank\" href=\"https:\/\/torrelodones.wordcamp.org\/2023\/\" rel=\"nofollow\">https:\/\/torrelodones.wordcamp.org\/2023\/<\/a><\/td>\n<\/tr>\n<tr class=\"row-7 odd\">\n\t<td class=\"column-1\">31.03.2023<\/td><td class=\"column-2\">WordCamp<\/td><td class=\"column-3\">Murten<\/td><td class=\"column-4\">Schweiz<\/td><td class=\"column-5\"><a target=\"_blank\" href=\"https:\/\/switzerland.wordcamp.org\/2023\/\" rel=\"nofollow\">https:\/\/switzerland.wordcamp.org\/2023\/<\/a><\/td>\n<\/tr>\n<tr class=\"row-8 even\">\n\t<td class=\"column-1\">08.06.2023<\/td><td class=\"column-2\">WordCamp Europe<\/td><td class=\"column-3\">Athen<\/td><td class=\"column-4\">Griechenland<\/td><td class=\"column-5\"><a target=\"_blank\" href=\"https:\/\/europe.wordcamp.org\/2023\/\" rel=\"nofollow\">https:\/\/europe.wordcamp.org\/2023\/<\/a><\/td>\n<\/tr>\n<\/tbody>\n<\/table>\n<!-- #tablepress-2 from cache -->\n<\/div><\/div>\n\n\n\n<a class=\"btn btn-primary call-to-action-button\" href=\"javascript:window.location.reload(true)\">Fenstergr\u00f6\u00dfe \u00e4ndern, dann Seite neu laden<\/a>\n\n\n\n<p>Das sehr angenehme an TablePress ist auch, dass <strong>JavaScript nicht durch die gesamte Installation durch geschleppt wird<\/strong>, sondern passenderweise nur dann geladen wird, wenn auch wirklich eine Tabelle eingebunden wurde. Stylesheets lasse ich \u00fcber passenden Eintrag in der functions.php nur laden wenn der passende Block verwendet wird.<\/p>\n\n\n\n<p>Statt auf kleinen Monitoren unter 440 Pixel Breite alle Spalten anzuzeigen, erscheinen, abh\u00e4ngig vom verf\u00fcgbaren Platz auf dem Bildschirm nur die ersten Spalten und ein gr\u00fcnes Pluszeichen. Nach einem Klick darauf werden dann darunter alle zugeh\u00f6rigen Inhalte angezeigt, sodass die jeweilige Spalte somit \u00fcbersichtlich betrachtet werden kann.<\/p>\n\n\n\n<div class=\"wp-block-group card-container-group data-aos_zoom-in data-aos-delay_200 data-aos-duration_400\"><div class=\"wp-block-group__inner-container\">\n<table id=\"tablepress-1\" class=\"tablepress tablepress-id-1 tablepress-responsive\">\n<thead>\n<tr class=\"row-1 odd\">\n\t<th class=\"column-1\" style=\"width:15%;\">Datum<\/th><th class=\"column-2\" style=\"width:15%;\">Zeit<\/th><th class=\"column-3\" style=\"width:25%;\">Titel<\/th><th class=\"column-4\" style=\"width:25%;\">Ort<\/th><th class=\"column-5\" style=\"width:20%;\">Link<\/th>\n<\/tr>\n<\/thead>\n<tbody class=\"row-hover\">\n<tr class=\"row-2 even\">\n\t<td class=\"column-1\">25.08.2022<\/td><td class=\"column-2\">18:00<\/td><td class=\"column-3\">Java Usergroup<\/td><td class=\"column-4\">N\u00fcrnberg<\/td><td class=\"column-5\"><a target=\"_blank\" href=\"https:\/\/coworking-nuernberg.de\/events?lang=de\" rel=\"nofollow\">https:\/\/coworking-nuernberg.de\/events?lang=de<\/a><\/td>\n<\/tr>\n<tr class=\"row-3 odd\">\n\t<td class=\"column-1\">08.09.2022<\/td><td class=\"column-2\">19:00<\/td><td class=\"column-3\">Open Meetup<\/td><td class=\"column-4\">N\u00fcrnberg<\/td><td class=\"column-5\"><a target=\"_blank\" href=\"https:\/\/www.meetup.com\/de-DE\/nurnberg-wordpress-meetup\/events\/284915185\/\" rel=\"nofollow\">https:\/\/www.meetup.com\/de-DE\/nurnberg-wordpress-meetup\/events\/284915185\/<\/a><\/td>\n<\/tr>\n<tr class=\"row-4 even\">\n\t<td class=\"column-1\">24.09.2022<\/td><td class=\"column-2\">10:00<\/td><td class=\"column-3\">WP Dojo<\/td><td class=\"column-4\">N\u00fcrnberg<\/td><td class=\"column-5\"><a target=\"_blank\" href=\"https:\/\/www.meetup.com\/de-DE\/nurnberg-wordpress-meetup\/events\/sjmdrsydcmbgc\/\" rel=\"nofollow\">https:\/\/www.meetup.com\/de-DE\/nurnberg-wordpress-meetup\/events\/sjmdrsydcmbgc\/<\/a><\/td>\n<\/tr>\n<tr class=\"row-5 odd\">\n\t<td class=\"column-1\">13.10.2022<\/td><td class=\"column-2\">19:00<\/td><td class=\"column-3\">Open Meetup<\/td><td class=\"column-4\">N\u00fcrnberg<\/td><td class=\"column-5\"><a target=\"_blank\" href=\"https:\/\/www.meetup.com\/de-DE\/nurnberg-wordpress-meetup\/events\/284915233\/\" rel=\"nofollow\">https:\/\/www.meetup.com\/de-DE\/nurnberg-wordpress-meetup\/events\/284915233\/<\/a><\/td>\n<\/tr>\n<tr class=\"row-6 even\">\n\t<td class=\"column-1\">22.10.2022<\/td><td class=\"column-2\">10:00<\/td><td class=\"column-3\">WP Dojo<\/td><td class=\"column-4\">N\u00fcrnberg<\/td><td class=\"column-5\"><a target=\"_blank\" href=\"https:\/\/www.meetup.com\/de-DE\/nurnberg-wordpress-meetup\/events\/sjmdrsydcnbdc\/\" rel=\"nofollow\">https:\/\/www.meetup.com\/de-DE\/nurnberg-wordpress-meetup\/events\/sjmdrsydcnbdc\/<\/a><\/td>\n<\/tr>\n<\/tbody>\n<\/table>\n<!-- #tablepress-1 from cache -->\n<\/div><\/div>\n\n\n\n<a class=\"btn btn-primary call-to-action-button\" href=\"javascript:window.location.reload(true)\">Fenstergr\u00f6\u00dfe \u00e4ndern, dann Seite neu laden<\/a>\n\n\n\n<p>Mehr Informationen zu dieser wertvollen Erg\u00e4nzung f\u00fcr WordPress beim Autor <a style=\"border-bottom: 1px dotted;\" rel=\"noreferrer noopener\" href=\"https:\/\/tablepress.org\/\" target=\"_blank\">Tobias B\u00e4thge<\/a> mit umfangreicher Dokumentation des Plugins und Beschreibung bzw. Download der verf\u00fcgbaren Extensions. Ein Upgrade auf eine komplett neue Version ist in der zweiten H\u00e4lfte des Jahres 2022 erschienen. Ein einfaches How-To Video, das darstellt, wie eine bestehende Tabelle einfach ersetzt wird, gibt es unter <a href=\"https:\/\/www.servicepraxis.com\/faq\/how-to\/wie-ersetzt-man-eine-tabelle-mit-tablepress\/\">www.servicepraxis.com\/faq\/how-to\/wie-ersetzt-man-eine-tabelle-mit-tablepress<\/a>.<\/p>\n\n\n\n\n","protected":false},"excerpt":{"rendered":"<p>Das Plugin TablePress erm\u00f6glicht in WordPress das zentrale Erstellen und Verwalten von responsiven, auch f\u00fcr Mobilger\u00e4te geeigneten Tabellen in Artikeln und Seiten. Mit mehreren Millionen Downloads und \u00fcber 800.000 aktiven Installationen geh\u00f6rt das Plugin f\u00fcr mich zum besten, was Tabellenverwaltung unter WordPress betrifft. Tabellen auch f\u00fcr mobile Ger\u00e4te Hinsichtlich Layout und Design k\u00f6nnen Tabellen an [&hellip;]<\/p>\n","protected":false},"author":1,"featured_media":210,"parent":189,"menu_order":10,"comment_status":"closed","ping_status":"closed","template":"","meta":{"_acf_changed":false,"footnotes":""},"tags":[],"class_list":["post-211","page","type-page","status-publish","has-post-thumbnail","hentry"],"acf":[],"_links":{"self":[{"href":"https:\/\/www.servicepraxis.com\/plugins\/wp-json\/wp\/v2\/pages\/211","targetHints":{"allow":["GET"]}}],"collection":[{"href":"https:\/\/www.servicepraxis.com\/plugins\/wp-json\/wp\/v2\/pages"}],"about":[{"href":"https:\/\/www.servicepraxis.com\/plugins\/wp-json\/wp\/v2\/types\/page"}],"author":[{"embeddable":true,"href":"https:\/\/www.servicepraxis.com\/plugins\/wp-json\/wp\/v2\/users\/1"}],"replies":[{"embeddable":true,"href":"https:\/\/www.servicepraxis.com\/plugins\/wp-json\/wp\/v2\/comments?post=211"}],"version-history":[{"count":0,"href":"https:\/\/www.servicepraxis.com\/plugins\/wp-json\/wp\/v2\/pages\/211\/revisions"}],"up":[{"embeddable":true,"href":"https:\/\/www.servicepraxis.com\/plugins\/wp-json\/wp\/v2\/pages\/189"}],"wp:featuredmedia":[{"embeddable":true,"href":"https:\/\/www.servicepraxis.com\/plugins\/wp-json\/wp\/v2\/media\/210"}],"wp:attachment":[{"href":"https:\/\/www.servicepraxis.com\/plugins\/wp-json\/wp\/v2\/media?parent=211"}],"wp:term":[{"taxonomy":"post_tag","embeddable":true,"href":"https:\/\/www.servicepraxis.com\/plugins\/wp-json\/wp\/v2\/tags?post=211"}],"curies":[{"name":"wp","href":"https:\/\/api.w.org\/{rel}","templated":true}]}}