{"id":100,"date":"2022-08-04T08:51:51","date_gmt":"2022-08-04T06:51:51","guid":{"rendered":"https:\/\/www.servicepraxis.com\/praxis\/emkb\/?page_id=100"},"modified":"2025-07-05T08:16:58","modified_gmt":"2025-07-05T06:16:58","slug":"kalender","status":"publish","type":"page","link":"https:\/\/www.servicepraxis.com\/plugins\/kalender\/","title":{"rendered":"Kalender in WordPress"},"content":{"rendered":"\n<p>Nicht f\u00fcr jede Aufgabe muss das Rad neu erfunden werden, schlie\u00dflich bietet <strong>WordPress<\/strong> eine Unmenge an <strong>Erweiterungen<\/strong>, sogenannte Plugins, f\u00fcr alle Lebenslagen. Die Frage ist daher oft genug nicht, ob ich ein <strong>Plugin<\/strong> nutze, sondern welche Erweiterung den gr\u00f6\u00dftm\u00f6glichen Nutzen f\u00fcr Kund:innen und Besucher:innen bringt.<\/p>\n\n\n\n<div class=\"wp-block-columns card-container-group data-aos_zoom-in data-aos-delay_200 data-aos-duration_400\">\n<div class=\"wp-block-column card-container p-0\" style=\"flex-basis:100%\">\n<div class=\"wp-block-columns card-container p-0\">\n<div class=\"wp-block-column card card2x70zu30txtlink d-flex align-items-stretch\">\n<div class=\"wp-block-group card-body\"><div class=\"wp-block-group__inner-container\">\n<h2 class=\"wp-block-heading card-title\">Meine Kriterien zur Wahl des Plugins<\/h2>\n\n\n\n<p class=\"card-text\">Ein behutsamer Einsatz von Plugins stellt eine wichtige Sicherheitsma\u00dfnahme dar. Deren Wartung ist, ebenso wie ein Update der eigentlich Installation, ein kontinuierlicher Prozess.<\/p>\n\n\n\n<ul class=\"wp-block-list list\">\n<li>Ist ein Plugin \u00fcberhaupt erforderlich oder handelt es sich um eine Aufgabenstellung, die problemlos \u00fcber unsere Standardeinstellungen im Theme erledigt werden kann?<\/li>\n\n\n\n<li>Ist das Plugin schlank, zuverl\u00e4ssig und m\u00f6glichst sicher? Schleppt es keinen Ballast quer durch die Webseiten mit? Erreicht es gute, schnelle Ladezeiten oder wird diese durch Funktionalit\u00e4ten, die gar nicht ben\u00f6tigt werden, ausgebremst?<\/li>\n\n\n\n<li>Sehen die Bestimmungen unabh\u00e4ngig, ob kostenlos oder ob Lizenzgeb\u00fchren anfallen, vor, dass es hinsichtlich Funktion und Design durch mich an das Layout der Website angepasst werden kann?<\/li>\n\n\n\n<li>Sind M\u00f6glichkeiten zum Teilen auf sozialen Medien oder Dienste wie YouTube, Google Maps o.\u00e4. integriert? Sind diese bei genauer Betrachtung wirklich so programmiert, dass diese mit dem europ\u00e4ischen Datenschutzrecht vereinbar sind?<\/li>\n\n\n\n<li>Werden alle gesetzlichen Vorgaben eingehalten? Ist das Plugin mit deutschem bzw. europ\u00e4ischem Recht vereinbar? Wird dieses komplett innerhalb der eigenen Installation gehostet oder werden Dateien von einem Drittserver bezogen? Werden Cookies gesetzt? Wenn ja welche?<\/li>\n<\/ul>\n<\/div><\/div>\n<\/div>\n<\/div>\n<\/div>\n<\/div>\n\n\n\n<div class=\"wp-block-group\"><div class=\"wp-block-group__inner-container\">\n<div class=\"wp-block-group card-container-group data-aos_zoom-in data-aos-delay_200 data-aos-duration_400\"><div class=\"wp-block-group__inner-container\">\n<div class=\"wp-block-columns card-container p-0\">\n<div class=\"wp-block-column card card3x3imgtxtlink d-flex align-items-stretch\">\n<div class=\"wp-block-group card-body\"><div class=\"wp-block-group__inner-container\">\n<h3 class=\"wp-block-heading card-title\">Events Calendar<\/h3>\n\n\n\n<p class=\"card-text\">Dieser z\u00e4hlt mit \u00fcber 800.000 Installationen zu den beliebtesten. Er bietet die grundlegenden Werkzeuge, gearbeitet wird mit Custom Post Types. Die Auswahl von Listen, Tages- und Monatsansichten ist m\u00f6glich. Wiederkehrende Veranstaltungsorte k\u00f6nnen zentral bearbeitet werden. Die Erg\u00e4nzung The Events Calender Shortcode erlaubt die Anzeige an verschiedenen Orten der Website. Die Premium Version bietet u.a. die Erstellung wiederkehrender Veranstaltungen und die Abwicklung von Ticketverk\u00e4ufen \u00fcber Eventbridge.<\/p>\n<\/div><\/div>\n\n\n\n<div class=\"wp-block-group card-footer\"><div class=\"wp-block-group__inner-container\">\n<p class=\"card-link\"><a rel=\"noreferrer noopener\" href=\"https:\/\/de.wordpress.org\/plugins\/the-events-calendar\/\" target=\"_blank\">Mehr auf WordPress<\/a><\/p>\n<\/div><\/div>\n<\/div>\n\n\n\n<div class=\"wp-block-column card card3x3imgtxtlink d-flex align-item-stretch\">\n<div class=\"wp-block-group card-body\"><div class=\"wp-block-group__inner-container\">\n<h3 class=\"wp-block-heading card-title\">Events Manager<\/h3>\n\n\n\n<p class=\"card-text\">Das Plugin wurde bereits \u00fcber 100.000 Mal genutzt. Ein Verwalten von wiederkehrenden Veranstaltungen bzw. Orten ist m\u00f6glich. Die Anzeige an verschiedenen Stellen der Website, z.B. Sidebar oder Fu\u00dfzeile, ist \u00fcber Integration in ein Widget m\u00f6glich. Die Pro-Version verf\u00fcgt u.a. \u00fcber die Integration von Gutscheincodes, Zahlungsabwicklung und Hilfe beim Erstellen von Formularen zur Buchung.<\/p>\n<\/div><\/div>\n\n\n\n<div class=\"wp-block-group card-footer\"><div class=\"wp-block-group__inner-container\">\n<p class=\"card-link\"><a rel=\"noreferrer noopener\" href=\"https:\/\/wordpress.org\/plugins\/events-manager\/\" target=\"_blank\">Mehr auf WordPress<\/a><\/p>\n<\/div><\/div>\n<\/div>\n<\/div>\n<\/div><\/div>\n<\/div><\/div>\n\n\n\n<div class=\"wp-block-group\"><div class=\"wp-block-group__inner-container\">\n<div class=\"wp-block-group card-container-group data-aos_zoom-in data-aos-delay_200 data-aos-duration_400\"><div class=\"wp-block-group__inner-container\">\n<div class=\"wp-block-columns card-container p-0\">\n<div class=\"wp-block-column card card3x3imgtxtlink d-flex align-item-stretch\">\n<div class=\"wp-block-group card-body\"><div class=\"wp-block-group__inner-container\">\n<h3 class=\"wp-block-heading card-title\">All in One Calendar<\/h3>\n\n\n\n<p class=\"card-text\">Hervorstechend sind schlankes Designs und ein freies Basissystem. Bereist in der Gratisversion lassen sich wiederkehrende Ereignisse einrichten. Filter erlauben Suche nach Kategorie oder Tag. Add-Ons sind zu verschiedenen Funktionen zu unterschiedlichen Preisen verf\u00fcgbar.<\/p>\n<\/div><\/div>\n\n\n\n<div class=\"wp-block-group card-footer\"><div class=\"wp-block-group__inner-container\">\n<p class=\"card-link\"><a href=\"https:\/\/wordpress.org\/plugins\/all-in-one-event-calendar\/\" target=\"_blank\" rel=\"noreferrer noopener\">Mehr auf WordPress<\/a><\/p>\n<\/div><\/div>\n<\/div>\n\n\n\n<div class=\"wp-block-column card card3x3imgtxtlink d-flex align-item-stretch\">\n<div class=\"wp-block-group card-body\"><div class=\"wp-block-group__inner-container\">\n<h3 class=\"wp-block-heading card-title\">My Calendar<\/h3>\n\n\n\n<p class=\"card-text\">Erstellen von Veranstaltungen, erstellen von Tags und Kategorien f\u00fcr Events und wiederkehrende Orte. Kalenderansichten als Listen oder Kacheln mit Veranstaltungen. Monats-, Wochen- oder Tagesansicht. Termine lassen sich zu Gruppen zusammenfassen. Das Layout ist nicht so elegant, l\u00e4sst sich aber individuell anpassen. Unterst\u00fctzung f\u00fcr WordPress-Multisite. Erg\u00e4nzbar um My Calendar Pro und Use My Ticket.<\/p>\n<\/div><\/div>\n\n\n\n<div class=\"wp-block-group card-footer\"><div class=\"wp-block-group__inner-container\">\n<p class=\"card-link\"><a rel=\"noreferrer noopener\" href=\"https:\/\/de.wordpress.org\/plugins\/my-calendar\/\" target=\"_blank\">Mehr auf WordPress<\/a><\/p>\n<\/div><\/div>\n<\/div>\n<\/div>\n<\/div><\/div>\n<\/div><\/div>\n\n\n\n<div class=\"wp-block-columns card-container-group data-aos_zoom-in data-aos-delay_200 data-aos-duration_400\">\n<div class=\"wp-block-column card-container p-0\" style=\"flex-basis:100%\">\n<div class=\"wp-block-columns card-container p-0\">\n<div class=\"wp-block-column card cardimgtxtlink  card-with-link-right d-flex align-items-stretch\">\n<div class=\"wp-block-group card-body\"><div class=\"wp-block-group__inner-container\">\n<h3 class=\"wp-block-heading card-title\">Ihre Priorit\u00e4ten<\/h3>\n\n\n\n<p class=\"card-text\">Ein kurzer Fragebogen, der mir hilft, Ihre Anforderungen an einen Kalender kennenzulernen. Grundlage f\u00fcr eine optimale Beratung, Kostenabsch\u00e4tzung und Wahl des zu Ihren Bed\u00fcrfnissen und Layouts passenden Plugins:<br><a href=\"https:\/\/www.servicepraxis.com\/plugins\/kalender\/checkliste\/\">www.servicepraxis.com\/plugins\/kalender\/checkliste<\/a>.<\/p>\n<\/div><\/div>\n\n\n\n<div class=\"wp-block-group card-footer\"><div class=\"wp-block-group__inner-container\">\n<div class=\"wp-block-group card-link-right\"><div class=\"wp-block-group__inner-container\">\n<p class=\"card-link\"><a href=\"https:\/\/www.servicepraxis.com\/plugins\/kalender\/checkliste\/\">Weiter<\/a><\/p>\n<\/div><\/div>\n<\/div><\/div>\n<\/div>\n<\/div>\n<\/div>\n<\/div>\n\n\n\n\n","protected":false},"excerpt":{"rendered":"<p>Nicht f\u00fcr jede Aufgabe muss das Rad neu erfunden werden, schlie\u00dflich bietet WordPress eine Unmenge an Erweiterungen, sogenannte Plugins, f\u00fcr alle Lebenslagen. Die Frage ist daher oft genug nicht, ob ich ein Plugin nutze, sondern welche Erweiterung den gr\u00f6\u00dftm\u00f6glichen Nutzen f\u00fcr Kund:innen und Besucher:innen bringt. Meine Kriterien zur Wahl des Plugins Ein behutsamer Einsatz von [&hellip;]<\/p>\n","protected":false},"author":1,"featured_media":132,"parent":0,"menu_order":7,"comment_status":"closed","ping_status":"closed","template":"","meta":{"_acf_changed":false,"footnotes":""},"tags":[],"class_list":["post-100","page","type-page","status-publish","has-post-thumbnail","hentry"],"acf":[],"_links":{"self":[{"href":"https:\/\/www.servicepraxis.com\/plugins\/wp-json\/wp\/v2\/pages\/100","targetHints":{"allow":["GET"]}}],"collection":[{"href":"https:\/\/www.servicepraxis.com\/plugins\/wp-json\/wp\/v2\/pages"}],"about":[{"href":"https:\/\/www.servicepraxis.com\/plugins\/wp-json\/wp\/v2\/types\/page"}],"author":[{"embeddable":true,"href":"https:\/\/www.servicepraxis.com\/plugins\/wp-json\/wp\/v2\/users\/1"}],"replies":[{"embeddable":true,"href":"https:\/\/www.servicepraxis.com\/plugins\/wp-json\/wp\/v2\/comments?post=100"}],"version-history":[{"count":0,"href":"https:\/\/www.servicepraxis.com\/plugins\/wp-json\/wp\/v2\/pages\/100\/revisions"}],"wp:featuredmedia":[{"embeddable":true,"href":"https:\/\/www.servicepraxis.com\/plugins\/wp-json\/wp\/v2\/media\/132"}],"wp:attachment":[{"href":"https:\/\/www.servicepraxis.com\/plugins\/wp-json\/wp\/v2\/media?parent=100"}],"wp:term":[{"taxonomy":"post_tag","embeddable":true,"href":"https:\/\/www.servicepraxis.com\/plugins\/wp-json\/wp\/v2\/tags?post=100"}],"curies":[{"name":"wp","href":"https:\/\/api.w.org\/{rel}","templated":true}]}}

<p>Nicht für jede Aufgabe muss das Rad neu erfunden werden, schließlich bietet <strong>WordPress</strong> eine Unmenge an <strong>Erweiterungen</strong>, sogenannte Plugins, für alle Lebenslagen. Die Frage ist daher oft genug nicht, ob ich ein <strong>Plugin</strong> nutze, sondern welche Erweiterung den größtmöglichen Nutzen für Kund:innen und Besucher:innen bringt.</p>



<div class="wp-block-columns card-container-group data-aos_zoom-in data-aos-delay_200 data-aos-duration_400">
<div class="wp-block-column card-container p-0" style="flex-basis:100%">
<div class="wp-block-columns card-container p-0">
<div class="wp-block-column card card2x70zu30txtlink d-flex align-items-stretch">
<div class="wp-block-group card-body"><div class="wp-block-group__inner-container">
<h2 class="wp-block-heading card-title">Meine Kriterien zur Wahl des Plugins</h2>



<p class="card-text">Ein behutsamer Einsatz von Plugins stellt eine wichtige Sicherheitsmaßnahme dar. Deren Wartung ist, ebenso wie ein Update der eigentlich Installation, ein kontinuierlicher Prozess.</p>



<ul class="wp-block-list list">
<li>Ist ein Plugin überhaupt erforderlich oder handelt es sich um eine Aufgabenstellung, die problemlos über unsere Standardeinstellungen im Theme erledigt werden kann?</li>



<li>Ist das Plugin schlank, zuverlässig und möglichst sicher? Schleppt es keinen Ballast quer durch die Webseiten mit? Erreicht es gute, schnelle Ladezeiten oder wird diese durch Funktionalitäten, die gar nicht benötigt werden, ausgebremst?</li>



<li>Sehen die Bestimmungen unabhängig, ob kostenlos oder ob Lizenzgebühren anfallen, vor, dass es hinsichtlich Funktion und Design durch mich an das Layout der Website angepasst werden kann?</li>



<li>Sind Möglichkeiten zum Teilen auf sozialen Medien oder Dienste wie YouTube, Google Maps o.ä. integriert? Sind diese bei genauer Betrachtung wirklich so programmiert, dass diese mit dem europäischen Datenschutzrecht vereinbar sind?</li>



<li>Werden alle gesetzlichen Vorgaben eingehalten? Ist das Plugin mit deutschem bzw. europäischem Recht vereinbar? Wird dieses komplett innerhalb der eigenen Installation gehostet oder werden Dateien von einem Drittserver bezogen? Werden Cookies gesetzt? Wenn ja welche?</li>
</ul>
</div></div>
</div>
</div>
</div>
</div>



<div class="wp-block-group"><div class="wp-block-group__inner-container">
<div class="wp-block-group card-container-group data-aos_zoom-in data-aos-delay_200 data-aos-duration_400"><div class="wp-block-group__inner-container">
<div class="wp-block-columns card-container p-0">
<div class="wp-block-column card card3x3imgtxtlink d-flex align-items-stretch">
<div class="wp-block-group card-body"><div class="wp-block-group__inner-container">
<h3 class="wp-block-heading card-title">Events Calendar</h3>



<p class="card-text">Dieser zählt mit über 800.000 Installationen zu den beliebtesten. Er bietet die grundlegenden Werkzeuge, gearbeitet wird mit Custom Post Types. Die Auswahl von Listen, Tages- und Monatsansichten ist möglich. Wiederkehrende Veranstaltungsorte können zentral bearbeitet werden. Die Ergänzung The Events Calender Shortcode erlaubt die Anzeige an verschiedenen Orten der Website. Die Premium Version bietet u.a. die Erstellung wiederkehrender Veranstaltungen und die Abwicklung von Ticketverkäufen über Eventbridge.</p>
</div></div>



<div class="wp-block-group card-footer"><div class="wp-block-group__inner-container">
<p class="card-link"><a rel="noreferrer noopener" href="https://de.wordpress.org/plugins/the-events-calendar/" target="_blank">Mehr auf WordPress</a></p>
</div></div>
</div>



<div class="wp-block-column card card3x3imgtxtlink d-flex align-item-stretch">
<div class="wp-block-group card-body"><div class="wp-block-group__inner-container">
<h3 class="wp-block-heading card-title">Events Manager</h3>



<p class="card-text">Das Plugin wurde bereits über 100.000 Mal genutzt. Ein Verwalten von wiederkehrenden Veranstaltungen bzw. Orten ist möglich. Die Anzeige an verschiedenen Stellen der Website, z.B. Sidebar oder Fußzeile, ist über Integration in ein Widget möglich. Die Pro-Version verfügt u.a. über die Integration von Gutscheincodes, Zahlungsabwicklung und Hilfe beim Erstellen von Formularen zur Buchung.</p>
</div></div>



<div class="wp-block-group card-footer"><div class="wp-block-group__inner-container">
<p class="card-link"><a rel="noreferrer noopener" href="https://wordpress.org/plugins/events-manager/" target="_blank">Mehr auf WordPress</a></p>
</div></div>
</div>
</div>
</div></div>
</div></div>



<div class="wp-block-group"><div class="wp-block-group__inner-container">
<div class="wp-block-group card-container-group data-aos_zoom-in data-aos-delay_200 data-aos-duration_400"><div class="wp-block-group__inner-container">
<div class="wp-block-columns card-container p-0">
<div class="wp-block-column card card3x3imgtxtlink d-flex align-item-stretch">
<div class="wp-block-group card-body"><div class="wp-block-group__inner-container">
<h3 class="wp-block-heading card-title">All in One Calendar</h3>



<p class="card-text">Hervorstechend sind schlankes Designs und ein freies Basissystem. Bereist in der Gratisversion lassen sich wiederkehrende Ereignisse einrichten. Filter erlauben Suche nach Kategorie oder Tag. Add-Ons sind zu verschiedenen Funktionen zu unterschiedlichen Preisen verfügbar.</p>
</div></div>



<div class="wp-block-group card-footer"><div class="wp-block-group__inner-container">
<p class="card-link"><a href="https://wordpress.org/plugins/all-in-one-event-calendar/" target="_blank" rel="noreferrer noopener">Mehr auf WordPress</a></p>
</div></div>
</div>



<div class="wp-block-column card card3x3imgtxtlink d-flex align-item-stretch">
<div class="wp-block-group card-body"><div class="wp-block-group__inner-container">
<h3 class="wp-block-heading card-title">My Calendar</h3>



<p class="card-text">Erstellen von Veranstaltungen, erstellen von Tags und Kategorien für Events und wiederkehrende Orte. Kalenderansichten als Listen oder Kacheln mit Veranstaltungen. Monats-, Wochen- oder Tagesansicht. Termine lassen sich zu Gruppen zusammenfassen. Das Layout ist nicht so elegant, lässt sich aber individuell anpassen. Unterstützung für WordPress-Multisite. Ergänzbar um My Calendar Pro und Use My Ticket.</p>
</div></div>



<div class="wp-block-group card-footer"><div class="wp-block-group__inner-container">
<p class="card-link"><a rel="noreferrer noopener" href="https://de.wordpress.org/plugins/my-calendar/" target="_blank">Mehr auf WordPress</a></p>
</div></div>
</div>
</div>
</div></div>
</div></div>



<div class="wp-block-columns card-container-group data-aos_zoom-in data-aos-delay_200 data-aos-duration_400">
<div class="wp-block-column card-container p-0" style="flex-basis:100%">
<div class="wp-block-columns card-container p-0">
<div class="wp-block-column card cardimgtxtlink  card-with-link-right d-flex align-items-stretch">
<div class="wp-block-group card-body"><div class="wp-block-group__inner-container">
<h3 class="wp-block-heading card-title">Ihre Prioritäten</h3>



<p class="card-text">Ein kurzer Fragebogen, der mir hilft, Ihre Anforderungen an einen Kalender kennenzulernen. Grundlage für eine optimale Beratung, Kostenabschätzung und Wahl des zu Ihren Bedürfnissen und Layouts passenden Plugins:<br><a href="https://www.servicepraxis.com/plugins/kalender/checkliste/">www.servicepraxis.com/plugins/kalender/checkliste</a>.</p>
</div></div>



<div class="wp-block-group card-footer"><div class="wp-block-group__inner-container">
<div class="wp-block-group card-link-right"><div class="wp-block-group__inner-container">
<p class="card-link"><a href="https://www.servicepraxis.com/plugins/kalender/checkliste/">Weiter</a></p>
</div></div>
</div></div>
</div>
</div>
</div>
</div>

<p>Nicht für jede Aufgabe muss das Rad neu erfunden werden, schließlich bietet WordPress eine Unmenge an Erweiterungen, sogenannte Plugins, für alle Lebenslagen. Die Frage ist daher oft genug nicht, ob ich ein Plugin nutze, sondern welche Erweiterung den größtmöglichen Nutzen für Kund:innen und Besucher:innen bringt. Meine Kriterien zur Wahl des Plugins Ein behutsamer Einsatz von [&hellip;]</p>
