{"id":188,"date":"2023-01-24T09:16:44","date_gmt":"2023-01-24T08:16:44","guid":{"rendered":"https:\/\/www.servicepraxis.com\/faq\/?post_type=ufaq&#038;p=188"},"modified":"2023-01-24T12:01:50","modified_gmt":"2023-01-24T11:01:50","slug":"wie-unter-wordpress-auf-php-8-umsteigen","status":"publish","type":"ufaq","link":"https:\/\/www.servicepraxis.com\/faq\/ufaq\/wie-unter-wordpress-auf-php-8-umsteigen\/","title":{"rendered":"Wie unter WordPress auf PHP 8 umsteigen?"},"content":{"rendered":"<div  class=\"ewd-ufaq-faq-list ewd-ufaq-page-type-distinct\" id='ewd-ufaq-faq-list'>\n\n\t<input type='hidden' name='show_on_load' value='' id='ewd-ufaq-show-on-load' \/>\n<input type='hidden' name='include_category' value='' id='ewd-ufaq-include-category' \/>\n<input type='hidden' name='exclude_category' value='' id='ewd-ufaq-exclude-category' \/>\n<input type='hidden' name='orderby' value='title' id='ewd-ufaq-orderby' \/>\n<input type='hidden' name='order' value='asc' id='ewd-ufaq-order' \/>\n<input type='hidden' name='post_count' value='-1' id='ewd-ufaq-post-count' \/>\n<input type='hidden' name='current_url' value='\/faq\/wp-json\/wp\/v2\/ufaq\/188' id='ewd-ufaq-current-url' \/>\n\t\n\t\n\t<div class='ewd-ufaq-faqs'>\n\n\t\t<div  class=\"ewd-ufaq-faq-div ewd-ufaq-faq-column-count-one ewd-ufaq-faq-responsive-columns- ewd-ufaq-faq-display-style-default ewd-ufaq-can-be-toggled\" id='ewd-ufaq-post-188-CFiVd9UugP' data-post_id='188'>\n\n\t<div class='ewd-ufaq-faq-title ewd-ufaq-faq-toggle'>\n\t\n\t<a class='ewd-ufaq-post-margin'  href='#' role=\"button\">\n\n\t\t<div class='ewd-ufaq-post-margin-symbol ewd-ufaq-'>\n\t\t\t<span >A<\/span>\n\t\t<\/div>\n\n\t\t<div class='ewd-ufaq-faq-title-text'>\n\n\t\t\t<h4>\n\t\t\t\tWie unter WordPress auf PHP 8 umsteigen?\t\t\t<\/h4>\n\n\t\t<\/div>\n\n\t\t<div class='ewd-ufaq-clear'><\/div>\n\n\t<\/a>\n\t\n<\/div>\n\t\n\t<div class='ewd-ufaq-faq-body ' >\n\n\t\t\n\t\t\t\n\t\t\n\t\t\t<div class='ewd-ufaq-post-margin ewd-ufaq-faq-post'>\n\t\n<p>Der Umstieg auf die neue Version ist unumg\u00e4nglich, es ist nur die Frage wann und wie stressfrei dieser gestaltet wird. Davon lenkt auch nicht der Umstand ab, dass erst 15.4 Prozent der Webseiten unter WordPress auf PHP 8 oder h\u00f6her umgestellt sind (Stand: Mitte Januar 2023. Quelle: WordPress.org). Viele Nutzer:innen sind sich nicht bewusst, dass potenzielle Sicherheitsl\u00fccken entstehen. Auch besteht gegen\u00fcber dem Hoster i.d.R. die Verpflichtung, Software aktuell zu halten. Dieser wird sich den Wartungsaufwand f\u00fcr die Nutzung veralteter Software sonst entweder entlohnen lassen oder diese abschalten.<\/p>\n\n\n\n<div class=\"card-container-group top data-aos_zoom-in data-aos-delay_200 data-aos-duration_400\">\n<ol class=\"timeline-steps\">\n  <li class=\"inside timeline-step\">\n\t<span class=\"timeline-content\">\n\t  <span class=\"inner-circle\"><\/span>\n\t  <strong>Backup<\/strong><br><span>Website incl. Plugins, Bilder bzw. Multimediainhalten und der Datenbank (manuell oder z.B. mit BackWPup).<\/span>\n\t<\/span>\n  <\/li>\n  <li class=\"inside timeline-step\">\n\t<span class=\"timeline-content\">\n\t  <span class=\"inner-circle\"><\/span>\n\t  <strong>Aktualisieren<\/strong><br><span>Update von WordPress und aller Plugins (ggf. als Clone oder auf lokaler Umgebung) auf die aktuellen Versionen.<\/span>\n\t<\/span>\n  <\/li>\n  <li class=\"inside timeline-step\">\n\t<span class=\"timeline-content\">\n\t  <span class=\"inner-circle\"><\/span>\n\t  <strong>Umstellung<\/strong><br><span>Upgrade auf die derzeit stabilste Version im Admin- bzw. Wartungsbereich des Webhosters. An diesem Punkt mal die Datenbank bereinigen schadet auch nicht.<\/span>\n\t<\/span>\n  <\/li>\n  <li class=\"inside timeline-step\">\n\t<span class=\"timeline-content\">\n\t  <span class=\"inner-circle\"><\/span>\n\t  <strong>Test<\/strong><br><span>Homepage vom Login im Backend bis hin zur Funktionalit\u00e4t im Frontend pr\u00fcfen, ggf. Fehler insbesondere im Theme korrigieren, u.U. Plugins ersetzen.<\/span>\n\t<\/span>\n  <\/li>\n  <li class=\"inside timeline-step\">\n\t<span class=\"timeline-content\">\n\t  <span class=\"inner-circle\"><\/span>\n\t  <strong>Optimierung<\/strong><br><span>Optional sollte die technische Suchmaschinenoptimierung gepr\u00fcft werden. Inhaltliche Ma\u00dfnahmen f\u00fcr das Ranking sind f\u00fcr die Katz, wenn es hier nicht stimmt.<\/span>\n\t<\/span>\n  <\/li>\n<\/ol>\n<\/div>\n\n\n\n<p>Ganz wesentlich f\u00fcr einen reibungslosen Umstieg ist, wie alt eine Homepage ist respektive wie gut das Content-Management-System gepflegt wurde. Code, der alte Funktionen verwendet, die von neueren Versionen nicht mehr unterst\u00fctzt werden, ist die Hauptursache allen \u00dcbels. Dies betrifft insbesondere das Layout bzw. Theme oder Template sowie die eingesetzten Erg\u00e4nzungen und Erweiterungen.<\/p>\n\n\n\n<p>Mehr Infos: <a href=\"https:\/\/www.servicepraxis.com\/plugins\/php\/\">www.servicepraxis.com\/plugins\/php\/<\/a><\/p>\n<\/div>\n\t\t\n\t\t\t\n\t\t\n\t\t\t\n\t\t\n\t\t\t\n\t\t\n\t\t\t\n\t\t\n\t\t\t\n\t\t\n\t\t\t\n\t\t\n\t\t\t\n\t\t\n\t\t\t\n\t\t\n\t<\/div>\n\n<\/div>\n\t<\/div>\n\n\t\n<\/div>","protected":false},"excerpt":{"rendered":"<p>WordPress auf neues PHP umstellen, denn sich davor dr\u00fccken gilt nicht, der Umstieg ist letztlich alternativlos. Code, der alte Funktionen verwendet, die von neueren Versionen nicht mehr unterst\u00fctzt werden, ist die Hauptursache allen \u00dcbels.  Mein 4- bzw. 5-Schritte-Programm.<\/p>\n","protected":false},"author":1,"comment_status":"closed","ping_status":"closed","template":"","ufaq-category":[4],"ufaq-tag":[],"class_list":["post-188","ufaq","type-ufaq","status-publish","hentry","ufaq-category-wordpress"],"acf":[],"_links":{"self":[{"href":"https:\/\/www.servicepraxis.com\/faq\/wp-json\/wp\/v2\/ufaq\/188","targetHints":{"allow":["GET"]}}],"collection":[{"href":"https:\/\/www.servicepraxis.com\/faq\/wp-json\/wp\/v2\/ufaq"}],"about":[{"href":"https:\/\/www.servicepraxis.com\/faq\/wp-json\/wp\/v2\/types\/ufaq"}],"author":[{"embeddable":true,"href":"https:\/\/www.servicepraxis.com\/faq\/wp-json\/wp\/v2\/users\/1"}],"replies":[{"embeddable":true,"href":"https:\/\/www.servicepraxis.com\/faq\/wp-json\/wp\/v2\/comments?post=188"}],"wp:attachment":[{"href":"https:\/\/www.servicepraxis.com\/faq\/wp-json\/wp\/v2\/media?parent=188"}],"wp:term":[{"taxonomy":"ufaq-category","embeddable":true,"href":"https:\/\/www.servicepraxis.com\/faq\/wp-json\/wp\/v2\/ufaq-category?post=188"},{"taxonomy":"ufaq-tag","embeddable":true,"href":"https:\/\/www.servicepraxis.com\/faq\/wp-json\/wp\/v2\/ufaq-tag?post=188"}],"curies":[{"name":"wp","href":"https:\/\/api.w.org\/{rel}","templated":true}]}}

<div  class="ewd-ufaq-faq-list ewd-ufaq-page-type-distinct" id='ewd-ufaq-faq-list'>

	<input type='hidden' name='show_on_load' value='' id='ewd-ufaq-show-on-load' />
<input type='hidden' name='include_category' value='' id='ewd-ufaq-include-category' />
<input type='hidden' name='exclude_category' value='' id='ewd-ufaq-exclude-category' />
<input type='hidden' name='orderby' value='title' id='ewd-ufaq-orderby' />
<input type='hidden' name='order' value='asc' id='ewd-ufaq-order' />
<input type='hidden' name='post_count' value='-1' id='ewd-ufaq-post-count' />
<input type='hidden' name='current_url' value='/faq/wp-json/wp/v2/ufaq/188' id='ewd-ufaq-current-url' />
	
	
	<div class='ewd-ufaq-faqs'>

		<div  class="ewd-ufaq-faq-div ewd-ufaq-faq-column-count-one ewd-ufaq-faq-responsive-columns- ewd-ufaq-faq-display-style-default ewd-ufaq-can-be-toggled" id='ewd-ufaq-post-188-CFiVd9UugP' data-post_id='188'>

	<div class='ewd-ufaq-faq-title ewd-ufaq-faq-toggle'>
	
	<a class='ewd-ufaq-post-margin'  href='#' role="button">

		<div class='ewd-ufaq-post-margin-symbol ewd-ufaq-'>
			<span >A</span>
		</div>

		<div class='ewd-ufaq-faq-title-text'>

			<h4>
				Wie unter WordPress auf PHP 8 umsteigen?			</h4>

		</div>

		<div class='ewd-ufaq-clear'></div>

	</a>
	
</div>
	
	<div class='ewd-ufaq-faq-body ' >

		
			
		
			<div class='ewd-ufaq-post-margin ewd-ufaq-faq-post'>
	
<p>Der Umstieg auf die neue Version ist unumgänglich, es ist nur die Frage wann und wie stressfrei dieser gestaltet wird. Davon lenkt auch nicht der Umstand ab, dass erst 15.4 Prozent der Webseiten unter WordPress auf PHP 8 oder höher umgestellt sind (Stand: Mitte Januar 2023. Quelle: WordPress.org). Viele Nutzer:innen sind sich nicht bewusst, dass potenzielle Sicherheitslücken entstehen. Auch besteht gegenüber dem Hoster i.d.R. die Verpflichtung, Software aktuell zu halten. Dieser wird sich den Wartungsaufwand für die Nutzung veralteter Software sonst entweder entlohnen lassen oder diese abschalten.</p>



<div class="card-container-group top data-aos_zoom-in data-aos-delay_200 data-aos-duration_400">
<ol class="timeline-steps">
  <li class="inside timeline-step">
	<span class="timeline-content">
	  <span class="inner-circle"></span>
	  <strong>Backup</strong><br><span>Website incl. Plugins, Bilder bzw. Multimediainhalten und der Datenbank (manuell oder z.B. mit BackWPup).</span>
	</span>
  </li>
  <li class="inside timeline-step">
	<span class="timeline-content">
	  <span class="inner-circle"></span>
	  <strong>Aktualisieren</strong><br><span>Update von WordPress und aller Plugins (ggf. als Clone oder auf lokaler Umgebung) auf die aktuellen Versionen.</span>
	</span>
  </li>
  <li class="inside timeline-step">
	<span class="timeline-content">
	  <span class="inner-circle"></span>
	  <strong>Umstellung</strong><br><span>Upgrade auf die derzeit stabilste Version im Admin- bzw. Wartungsbereich des Webhosters. An diesem Punkt mal die Datenbank bereinigen schadet auch nicht.</span>
	</span>
  </li>
  <li class="inside timeline-step">
	<span class="timeline-content">
	  <span class="inner-circle"></span>
	  <strong>Test</strong><br><span>Homepage vom Login im Backend bis hin zur Funktionalität im Frontend prüfen, ggf. Fehler insbesondere im Theme korrigieren, u.U. Plugins ersetzen.</span>
	</span>
  </li>
  <li class="inside timeline-step">
	<span class="timeline-content">
	  <span class="inner-circle"></span>
	  <strong>Optimierung</strong><br><span>Optional sollte die technische Suchmaschinenoptimierung geprüft werden. Inhaltliche Maßnahmen für das Ranking sind für die Katz, wenn es hier nicht stimmt.</span>
	</span>
  </li>
</ol>
</div>



<p>Ganz wesentlich für einen reibungslosen Umstieg ist, wie alt eine Homepage ist respektive wie gut das Content-Management-System gepflegt wurde. Code, der alte Funktionen verwendet, die von neueren Versionen nicht mehr unterstützt werden, ist die Hauptursache allen Übels. Dies betrifft insbesondere das Layout bzw. Theme oder Template sowie die eingesetzten Ergänzungen und Erweiterungen.</p>



<p>Mehr Infos: <a href="https://www.servicepraxis.com/plugins/php/">www.servicepraxis.com/plugins/php/</a></p>
</div>
		
			
		
			
		
			
		
			
		
			
		
			
		
			
		
			
		
	</div>

</div>
	</div>

	
</div>

<p>WordPress auf neues PHP umstellen, denn sich davor drücken gilt nicht, der Umstieg ist letztlich alternativlos. Code, der alte Funktionen verwendet, die von neueren Versionen nicht mehr unterstützt werden, ist die Hauptursache allen Übels.  Mein 4- bzw. 5-Schritte-Programm.</p>
